CRAN Package Check Results for Package ResearchAssociate

Last updated on 2024-06-13 21:49:29 CEST.

Flavor Version Tinstall Tcheck Ttotal Status Flags
r-devel-linux-x86_64-debian-clang 1.0.1 7.43 56.73 64.16 NOTE
r-devel-linux-x86_64-debian-gcc 1.0.1 0.31 1.70 2.01 ERROR
r-devel-linux-x86_64-fedora-clang 1.0.1 79.96 NOTE
r-devel-linux-x86_64-fedora-gcc 1.0.1 74.08 NOTE
r-devel-windows-x86_64 1.0.1 7.00 91.00 98.00 NOTE
r-patched-linux-x86_64 1.0.1 5.87 54.48 60.35 NOTE
r-release-linux-x86_64 1.0.1 5.59 54.59 60.18 NOTE
r-release-macos-arm64 1.0.1 67.00 NOTE
r-release-macos-x86_64 1.0.1 79.00 NOTE
r-release-windows-x86_64 1.0.1 8.00 93.00 101.00 NOTE
r-oldrel-macos-arm64 1.0.1 56.00 NOTE
r-oldrel-macos-x86_64 1.0.1 74.00 NOTE
r-oldrel-windows-x86_64 1.0.1 8.00 102.00 110.00 NOTE

Check Details

Version: 1.0.1
Check: LazyData
Result: NOTE 'LazyData' is specified without a 'data' directory Flavors: r-devel-linux-x86_64-debian-clang, r-devel-linux-x86_64-fedora-clang, r-devel-linux-x86_64-fedora-gcc, r-devel-windows-x86_64, r-patched-linux-x86_64, r-release-linux-x86_64, r-release-macos-arm64, r-release-macos-x86_64, r-release-windows-x86_64, r-oldrel-macos-arm64, r-oldrel-macos-x86_64, r-oldrel-windows-x86_64

Version: 1.0.1
Check: package dependencies
Result: ERROR Package required but not available: ‘ggplot2’ See section ‘The DESCRIPTION file’ in the ‘Writing R Extensions’ manual. Flavor: r-devel-linux-x86_64-debian-gcc