CRAN Package Check Results for Package ReviewR

Last updated on 2023-05-28 22:00:20 CEST.

Flavor Version Tinstall Tcheck Ttotal Status Flags
r-devel-linux-x86_64-debian-clang 2.3.8 20.54 129.53 150.07 OK
r-devel-linux-x86_64-debian-gcc 2.3.8 16.53 100.90 117.43 OK
r-devel-linux-x86_64-fedora-clang 2.3.8 196.68 NOTE
r-devel-linux-x86_64-fedora-gcc 2.3.8 213.61 NOTE
r-devel-windows-x86_64 2.3.8 18.00 118.00 136.00 OK
r-patched-linux-x86_64 2.3.8 12.95 122.38 135.33 OK
r-release-linux-x86_64 2.3.8 12.91 122.38 135.29 OK
r-release-macos-arm64 2.3.8 73.00 OK
r-release-macos-x86_64 2.3.8 123.00 OK
r-release-windows-x86_64 2.3.8 24.00 144.00 168.00 OK
r-oldrel-macos-arm64 2.3.8 65.00 NOTE
r-oldrel-macos-x86_64 2.3.8 84.00 NOTE
r-oldrel-windows-x86_64 2.3.8 24.00 142.00 166.00 OK

Check Details

Version: 2.3.8
Check: package dependencies
Result: NOTE
    Imports includes 29 non-default packages.
    Importing from so many packages makes the package vulnerable to any of
    them becoming unavailable. Move as many as possible to Suggests and
    use conditionally.
Flavor: r-devel-linux-x86_64-fedora-clang

Version: 2.3.8
Check: data for non-ASCII characters
Result: NOTE
     Note: found 26 marked UTF-8 strings
Flavors: r-devel-linux-x86_64-fedora-clang, r-devel-linux-x86_64-fedora-gcc, r-oldrel-macos-arm64, r-oldrel-macos-x86_64