Last updated on 2022-06-27 21:51:28 CEST.
Flavor | Version | Tinstall | Tcheck | Ttotal | Status | Flags |
---|---|---|---|---|---|---|
r-devel-linux-x86_64-debian-clang | 0.24.2 | 4.39 | 35.62 | 40.01 | NOTE | |
r-devel-linux-x86_64-debian-gcc | 0.24.2 | 3.40 | 27.83 | 31.23 | NOTE | |
r-devel-linux-x86_64-fedora-clang | 0.24.2 | 59.16 | NOTE | |||
r-devel-linux-x86_64-fedora-gcc | 0.24.2 | 57.53 | NOTE | |||
r-devel-windows-x86_64 | 0.24.2 | 31.00 | 65.00 | 96.00 | NOTE | |
r-patched-linux-x86_64 | 0.24.2 | 4.91 | 34.31 | 39.22 | OK | |
r-release-linux-x86_64 | 0.24.2 | 4.64 | 33.80 | 38.44 | OK | |
r-release-macos-arm64 | 0.24.2 | 23.00 | OK | |||
r-release-macos-x86_64 | 0.24.2 | 28.00 | OK | |||
r-release-windows-x86_64 | 0.24.2 | 38.00 | 62.00 | 100.00 | OK | |
r-oldrel-macos-arm64 | 0.24.2 | 27.00 | OK | |||
r-oldrel-macos-x86_64 | 0.24.2 | 38.00 | OK | |||
r-oldrel-windows-ix86+x86_64 | 0.24.2 | 14.00 | 67.00 | 81.00 | OK |
Version: 0.24.2
Check: Rd files
Result: NOTE
checkRd: (-1) CardioRiskFactors.Rd:35: Escaped LaTeX specials: \&
Flavors: r-devel-linux-x86_64-debian-clang, r-devel-linux-x86_64-debian-gcc, r-devel-linux-x86_64-fedora-clang, r-devel-linux-x86_64-fedora-gcc, r-devel-windows-x86_64