CRAN Package Check Results for Package Rgff

Last updated on 2024-02-26 19:50:19 CET.

Flavor Version Tinstall Tcheck Ttotal Status Flags
r-devel-linux-x86_64-debian-clang 0.1.6 5.10 82.10 87.20 OK
r-devel-linux-x86_64-debian-gcc 0.1.6 4.66 61.63 66.29 OK
r-devel-linux-x86_64-fedora-clang 0.1.6 112.70 NOTE
r-devel-linux-x86_64-fedora-gcc 0.1.6 124.96 NOTE
r-devel-windows-x86_64 0.1.6 6.00 88.00 94.00 OK
r-patched-linux-x86_64 0.1.6 3.69 80.62 84.31 OK
r-release-linux-x86_64 0.1.6 3.47 80.41 83.88 OK
r-release-macos-arm64 0.1.6 42.00 OK
r-release-macos-x86_64 0.1.6 71.00 OK
r-release-windows-x86_64 0.1.6 8.00 94.00 102.00 OK
r-oldrel-macos-arm64 0.1.6 42.00 NOTE
r-oldrel-windows-x86_64 0.1.6 8.00 94.00 102.00 OK

Check Details

Version: 0.1.6
Check: dependencies in R code
Result: NOTE Namespace in Imports field not imported from: ‘tidyr’ All declared Imports should be used. Flavors: r-devel-linux-x86_64-fedora-clang, r-devel-linux-x86_64-fedora-gcc, r-oldrel-macos-arm64