CRAN Package Check Results for Package Rlinsolve

Last updated on 2021-03-03 19:48:16 CET.

Flavor Version Tinstall Tcheck Ttotal Status Flags
r-devel-linux-x86_64-debian-clang 0.3.1 336.20 72.87 409.07 OK
r-devel-linux-x86_64-debian-gcc 0.3.1 208.78 55.28 264.06 OK
r-devel-linux-x86_64-fedora-clang 0.3.1 564.50 NOTE
r-devel-linux-x86_64-fedora-gcc 0.3.1 494.85 NOTE
r-devel-windows-ix86+x86_64 0.3.1 668.00 133.00 801.00 OK
r-patched-linux-x86_64 0.3.1 253.91 66.59 320.50 OK
r-patched-solaris-x86 0.3.1 432.70 NOTE
r-release-linux-x86_64 0.3.1 243.58 66.90 310.48 OK
r-release-macos-x86_64 0.3.1 NOTE
r-release-windows-ix86+x86_64 0.3.1 471.00 108.00 579.00 OK
r-oldrel-macos-x86_64 0.3.1 NOTE
r-oldrel-windows-ix86+x86_64 0.3.1 510.00 125.00 635.00 OK

Check Details

Version: 0.3.1
Check: installed package size
Result: NOTE
     installed size is 25.3Mb
     sub-directories of 1Mb or more:
     libs 25.1Mb
Flavors: r-devel-linux-x86_64-fedora-clang, r-release-macos-x86_64, r-oldrel-macos-x86_64

Version: 0.3.1
Check: dependencies in R code
Result: NOTE
    Namespace in Imports field not imported from: ‘Rdpack’
     All declared Imports should be used.
Flavors: r-devel-linux-x86_64-fedora-clang, r-devel-linux-x86_64-fedora-gcc, r-patched-solaris-x86, r-release-macos-x86_64, r-oldrel-macos-x86_64