CRAN Package Check Results for Package RmarineHeatWaves

Last updated on 2024-07-12 21:50:10 CEST.

Flavor Version Tinstall Tcheck Ttotal Status Flags
r-devel-linux-x86_64-debian-clang 0.17.0 9.84 101.05 110.89 OK
r-devel-linux-x86_64-debian-gcc 0.17.0 6.87 74.78 81.65 OK
r-devel-linux-x86_64-fedora-clang 0.17.0 140.62 OK
r-devel-linux-x86_64-fedora-gcc 0.17.0 152.58 OK
r-devel-windows-x86_64 0.17.0 8.00 92.00 100.00 NOTE
r-patched-linux-x86_64 0.17.0 14.90 97.52 112.42 OK
r-release-linux-x86_64 0.17.0 4.69 96.48 101.17 OK
r-release-macos-arm64 0.17.0 45.00 OK
r-release-macos-x86_64 0.17.0 170.00 OK
r-release-windows-x86_64 0.17.0 8.00 89.00 97.00 OK
r-oldrel-macos-arm64 0.17.0 46.00 OK
r-oldrel-macos-x86_64 0.17.0 75.00 OK
r-oldrel-windows-x86_64 0.17.0 10.00 110.00 120.00 OK

Check Details

Version: 0.17.0
Check: Rd cross-references
Result: NOTE Found the following Rd file(s) with Rd \link{} targets missing package anchors: geom_flame.Rd: layer geom_lolli.Rd: layer Please provide package anchors for all Rd \link{} targets not in the package itself and the base packages. Flavor: r-devel-windows-x86_64