CRAN Package Check Results for Package Rnmr1D

Last updated on 2021-12-03 19:50:24 CET.

Flavor Version Tinstall Tcheck Ttotal Status Flags
r-devel-linux-x86_64-debian-clang 1.3.0 39.02 162.45 201.47 OK
r-devel-linux-x86_64-debian-gcc 1.3.0 27.20 120.89 148.09 OK
r-devel-linux-x86_64-fedora-clang 1.3.0 267.86 NOTE
r-devel-linux-x86_64-fedora-gcc 1.3.0 252.81 NOTE
r-devel-windows-x86_64-new-UL 1.3.0 62.00 327.00 389.00 OK
r-devel-windows-x86_64-new-TK 1.3.0 NOTE
r-devel-windows-x86_64-old 1.3.0 52.00 252.00 304.00 OK
r-patched-linux-x86_64 1.3.0 34.90 121.54 156.44 OK
r-release-linux-x86_64 1.3.0 33.19 122.54 155.73 OK
r-release-macos-arm64 1.3.0 NOTE
r-release-macos-x86_64 1.3.0 NOTE
r-release-windows-ix86+x86_64 1.3.0 87.00 210.00 297.00 OK
r-oldrel-macos-x86_64 1.3.0 NOTE
r-oldrel-windows-ix86+x86_64 1.3.0 86.00 210.00 296.00 OK

Check Details

Version: 1.3.0
Check: dependencies in R code
Result: NOTE
    Namespace in Imports field not imported from: ‘impute’
     All declared Imports should be used.
Flavors: r-devel-linux-x86_64-fedora-clang, r-devel-linux-x86_64-fedora-gcc, r-devel-windows-x86_64-new-TK, r-release-macos-arm64, r-release-macos-x86_64, r-oldrel-macos-x86_64