Last updated on 2023-02-04 19:58:22 CET.
Flavor | Version | Tinstall | Tcheck | Ttotal | Status | Flags |
---|---|---|---|---|---|---|
r-devel-linux-x86_64-debian-clang | 1.0.0 | 27.80 | 118.02 | 145.82 | OK | |
r-devel-linux-x86_64-debian-gcc | 1.0.0 | 21.14 | 86.79 | 107.93 | OK | |
r-devel-linux-x86_64-fedora-clang | 1.0.0 | 195.44 | NOTE | |||
r-devel-linux-x86_64-fedora-gcc | 1.0.0 | 204.79 | NOTE | |||
r-devel-windows-x86_64 | 1.0.0 | 72.00 | 202.00 | 274.00 | OK | |
r-patched-linux-x86_64 | 1.0.0 | 19.90 | 106.92 | 126.82 | OK | |
r-release-linux-x86_64 | 1.0.0 | 20.38 | 106.36 | 126.74 | OK | |
r-release-macos-arm64 | 1.0.0 | 66.00 | NOTE | |||
r-release-macos-x86_64 | 1.0.0 | 93.00 | NOTE | |||
r-release-windows-x86_64 | 1.0.0 | 65.00 | 203.00 | 268.00 | OK | |
r-oldrel-macos-arm64 | 1.0.0 | 66.00 | NOTE | |||
r-oldrel-macos-x86_64 | 1.0.0 | 93.00 | NOTE | |||
r-oldrel-windows-ix86+x86_64 | 1.0.0 | 52.00 | 272.00 | 324.00 | OK |
Version: 1.0.0
Check: dependencies in R code
Result: NOTE
Namespaces in Imports field not imported from:
‘Rdpack’ ‘bridgesampling’ ‘runjags’
All declared Imports should be used.
Flavors: r-devel-linux-x86_64-fedora-clang, r-devel-linux-x86_64-fedora-gcc, r-release-macos-arm64, r-release-macos-x86_64, r-oldrel-macos-arm64, r-oldrel-macos-x86_64
Version: 1.0.0
Check: Rd cross-references
Result: NOTE
Undeclared package ‘extraDistr’ in Rd xrefs
Flavor: r-devel-linux-x86_64-fedora-clang