Last updated on 2023-09-26 23:04:24 CEST.
Flavor | Version | Tinstall | Tcheck | Ttotal | Status | Flags |
---|---|---|---|---|---|---|
r-devel-linux-x86_64-debian-clang | 1.2.1 | 724.81 | 114.19 | 839.00 | OK | |
r-devel-linux-x86_64-debian-gcc | 1.2.1 | 619.64 | 115.74 | 735.38 | OK | |
r-devel-linux-x86_64-fedora-clang | 1.2.1 | 1079.82 | NOTE | |||
r-devel-linux-x86_64-fedora-gcc | 1.2.1 | 1005.46 | NOTE | |||
r-devel-windows-x86_64 | 1.2.1 | 565.00 | 158.00 | 723.00 | NOTE | |
r-patched-linux-x86_64 | 1.2.1 | 549.68 | 147.37 | 697.05 | OK | |
r-release-linux-x86_64 | 1.2.1 | 567.74 | 148.92 | 716.66 | OK | |
r-release-macos-arm64 | 1.2.1 | 328.00 | NOTE | |||
r-release-macos-x86_64 | 1.2.1 | 457.00 | NOTE | |||
r-release-windows-x86_64 | 1.2.1 | 747.00 | 194.00 | 941.00 | NOTE | |
r-oldrel-macos-arm64 | 1.2.0 | 210.00 | NOTE | |||
r-oldrel-macos-x86_64 | 1.2.1 | 532.00 | NOTE | |||
r-oldrel-windows-x86_64 | 1.2.1 | 700.00 | 176.00 | 876.00 | NOTE |
Version: 1.2.1
Check: installed package size
Result: NOTE
installed size is 6.7Mb
sub-directories of 1Mb or more:
libs 6.0Mb
Flavors: r-devel-linux-x86_64-fedora-clang, r-devel-windows-x86_64, r-release-macos-arm64, r-release-macos-x86_64, r-release-windows-x86_64, r-oldrel-macos-x86_64, r-oldrel-windows-x86_64
Version: 1.2.1
Check: Rd cross-references
Result: NOTE
Undeclared package ‘extraDistr’ in Rd xrefs
Flavor: r-devel-linux-x86_64-fedora-clang
Version: 1.2.1
Check: for GNU extensions in Makefiles
Result: NOTE
GNU make is a SystemRequirements.
Flavors: r-devel-linux-x86_64-fedora-clang, r-devel-linux-x86_64-fedora-gcc, r-release-macos-arm64, r-release-macos-x86_64, r-oldrel-macos-x86_64
Version: 1.2.0
Check: installed package size
Result: NOTE
installed size is 70.6Mb
sub-directories of 1Mb or more:
libs 69.9Mb
Flavor: r-oldrel-macos-arm64
Version: 1.2.0
Check: for GNU extensions in Makefiles
Result: NOTE
GNU make is a SystemRequirements.
Flavor: r-oldrel-macos-arm64