Last updated on 2023-02-04 19:58:22 CET.
Flavor | Version | Tinstall | Tcheck | Ttotal | Status | Flags |
---|---|---|---|---|---|---|
r-devel-linux-x86_64-debian-clang | 1.0.0 | 543.53 | 106.76 | 650.29 | NOTE | |
r-devel-linux-x86_64-debian-gcc | 1.0.0 | 502.86 | 108.10 | 610.96 | NOTE | |
r-devel-linux-x86_64-fedora-clang | 1.0.0 | 797.09 | NOTE | |||
r-devel-linux-x86_64-fedora-gcc | 1.0.0 | 1046.06 | NOTE | |||
r-devel-windows-x86_64 | 1.0.0 | 410.00 | 199.00 | 609.00 | NOTE | |
r-patched-linux-x86_64 | 1.0.0 | 402.62 | 133.76 | 536.38 | NOTE | |
r-release-linux-x86_64 | 1.0.0 | 449.12 | 134.98 | 584.10 | NOTE | |
r-release-macos-arm64 | 1.0.0 | 248.00 | NOTE | |||
r-release-macos-x86_64 | 1.0.0 | 312.00 | NOTE | |||
r-release-windows-x86_64 | 1.0.0 | 338.00 | 199.00 | 537.00 | NOTE | |
r-oldrel-macos-arm64 | 1.0.0 | 234.00 | NOTE | |||
r-oldrel-macos-x86_64 | 1.0.0 | 312.00 | NOTE | |||
r-oldrel-windows-ix86+x86_64 | 1.0.0 | 1174.00 | 247.00 | 1421.00 | NOTE |
Version: 1.0.0
Check: C++ specification
Result: NOTE
Specified C++14: please update to current default of C++17
Flavors: r-devel-linux-x86_64-debian-clang, r-devel-linux-x86_64-debian-gcc, r-devel-linux-x86_64-fedora-clang, r-devel-linux-x86_64-fedora-gcc, r-devel-windows-x86_64
Version: 1.0.0
Check: for GNU extensions in Makefiles
Result: NOTE
GNU make is a SystemRequirements.
Flavors: r-devel-linux-x86_64-debian-clang, r-devel-linux-x86_64-debian-gcc, r-devel-linux-x86_64-fedora-clang, r-devel-linux-x86_64-fedora-gcc, r-devel-windows-x86_64, r-patched-linux-x86_64, r-release-linux-x86_64, r-release-macos-arm64, r-release-macos-x86_64, r-release-windows-x86_64, r-oldrel-macos-arm64, r-oldrel-macos-x86_64, r-oldrel-windows-ix86+x86_64
Version: 1.0.0
Check: installed package size
Result: NOTE
installed size is 6.4Mb
sub-directories of 1Mb or more:
libs 5.8Mb
Flavors: r-devel-linux-x86_64-fedora-clang, r-devel-windows-x86_64, r-release-macos-arm64, r-release-macos-x86_64, r-release-windows-x86_64, r-oldrel-macos-arm64, r-oldrel-macos-x86_64, r-oldrel-windows-ix86+x86_64
Version: 1.0.0
Check: dependencies in R code
Result: NOTE
Namespaces in Imports field not imported from:
‘Rdpack’ ‘methods’
All declared Imports should be used.
Flavors: r-devel-linux-x86_64-fedora-clang, r-devel-linux-x86_64-fedora-gcc, r-release-macos-arm64, r-release-macos-x86_64, r-oldrel-macos-arm64, r-oldrel-macos-x86_64
Version: 1.0.0
Check: Rd cross-references
Result: NOTE
Undeclared package ‘extraDistr’ in Rd xrefs
Flavor: r-devel-linux-x86_64-fedora-clang