CRAN Package Check Results for Package RonFHIR

Last updated on 2025-01-17 21:49:44 CET.

Flavor Version Tinstall Tcheck Ttotal Status Flags
r-devel-linux-x86_64-debian-clang 0.4.0 5.93 25.59 31.52 OK
r-devel-linux-x86_64-debian-gcc 0.4.0 3.73 19.51 23.24 OK
r-devel-linux-x86_64-fedora-clang 0.4.0 50.29 OK
r-devel-linux-x86_64-fedora-gcc 0.4.0 50.34 OK
r-devel-windows-x86_64 0.4.0 6.00 46.00 52.00 OK
r-patched-linux-x86_64 0.4.0 5.30 24.40 29.70 NOTE
r-release-linux-x86_64 0.4.0 4.56 24.26 28.82 NOTE
r-release-macos-arm64 0.4.0 18.00 NOTE
r-release-macos-x86_64 0.4.0 28.00 NOTE
r-release-windows-x86_64 0.4.0 6.00 45.00 51.00 NOTE
r-oldrel-macos-arm64 0.4.0 22.00 NOTE
r-oldrel-macos-x86_64 0.4.0 26.00 NOTE
r-oldrel-windows-x86_64 0.4.0 7.00 48.00 55.00 NOTE

Check Details

Version: 0.4.0
Check: LazyData
Result: NOTE 'LazyData' is specified without a 'data' directory Flavors: r-patched-linux-x86_64, r-release-linux-x86_64, r-release-macos-arm64, r-release-macos-x86_64, r-release-windows-x86_64, r-oldrel-macos-arm64, r-oldrel-macos-x86_64, r-oldrel-windows-x86_64