CRAN Package Check Results for Package Rosenbrock

Last updated on 2021-12-03 19:50:25 CET.

Flavor Version Tinstall Tcheck Ttotal Status Flags
r-devel-linux-x86_64-debian-clang 0.1.0 1.86 20.04 21.90 NOTE
r-devel-linux-x86_64-debian-gcc 0.1.0 1.49 16.14 17.63 NOTE
r-devel-linux-x86_64-fedora-clang 0.1.0 39.45 NOTE
r-devel-linux-x86_64-fedora-gcc 0.1.0 27.13 NOTE
r-devel-windows-x86_64-new-UL 0.1.0 6.00 51.00 57.00 NOTE
r-devel-windows-x86_64-new-TK 0.1.0 NOTE
r-devel-windows-x86_64-old 0.1.0 4.00 35.00 39.00 NOTE
r-patched-linux-x86_64 0.1.0 1.94 19.39 21.33 NOTE
r-release-linux-x86_64 0.1.0 1.71 19.24 20.95 NOTE
r-release-macos-arm64 0.1.0 NOTE
r-release-macos-x86_64 0.1.0 NOTE
r-release-windows-ix86+x86_64 0.1.0 5.00 38.00 43.00 NOTE
r-oldrel-macos-x86_64 0.1.0 OK
r-oldrel-windows-ix86+x86_64 0.1.0 5.00 35.00 40.00 OK

Check Details

Version: 0.1.0
Check: LazyData
Result: NOTE
     'LazyData' is specified without a 'data' directory
Flavors: r-devel-linux-x86_64-debian-clang, r-devel-linux-x86_64-debian-gcc, r-devel-linux-x86_64-fedora-clang, r-devel-linux-x86_64-fedora-gcc, r-devel-windows-x86_64-new-UL, r-devel-windows-x86_64-new-TK, r-devel-windows-x86_64-old, r-patched-linux-x86_64, r-release-linux-x86_64, r-release-macos-arm64, r-release-macos-x86_64, r-release-windows-ix86+x86_64