Last updated on 2022-05-27 21:51:32 CEST.
Flavor | Version | Tinstall | Tcheck | Ttotal | Status | Flags |
---|---|---|---|---|---|---|
r-devel-linux-x86_64-debian-clang | 0.1-0 | 7.20 | 32.17 | 39.37 | OK | |
r-devel-linux-x86_64-debian-gcc | 0.1-0 | 4.49 | 25.13 | 29.62 | OK | |
r-devel-linux-x86_64-fedora-clang | 0.1-0 | 49.59 | OK | |||
r-devel-linux-x86_64-fedora-gcc | 0.1-0 | 47.43 | OK | |||
r-patched-linux-x86_64 | 0.1-0 | 4.84 | 31.10 | 35.94 | OK | |
r-release-linux-x86_64 | 0.1-0 | 5.01 | 31.10 | 36.11 | OK | |
r-release-macos-arm64 | 0.1-0 | 24.00 | NOTE | |||
r-release-macos-x86_64 | 0.1-0 | 31.00 | NOTE | |||
r-oldrel-macos-arm64 | 0.1-0 | 17.00 | NOTE | |||
r-oldrel-macos-x86_64 | 0.1-0 | 30.00 | NOTE |
Version: 0.1-0
Check: installed package size
Result: NOTE
installed size is 44.7Mb
sub-directories of 1Mb or more:
libs 44.6Mb
Flavors: r-release-macos-arm64, r-release-macos-x86_64, r-oldrel-macos-arm64, r-oldrel-macos-x86_64