CRAN Package Check Results for Package Rprofet

Last updated on 2023-09-26 23:04:24 CEST.

Flavor Version Tinstall Tcheck Ttotal Status Flags
r-devel-linux-x86_64-debian-clang 2.2.1 8.16 95.62 103.78 NOTE
r-devel-linux-x86_64-debian-gcc 2.2.1 5.99 69.21 75.20 NOTE
r-devel-linux-x86_64-fedora-clang 2.2.1 124.17 NOTE
r-devel-linux-x86_64-fedora-gcc 2.2.1 127.50 NOTE
r-devel-windows-x86_64 2.2.1 9.00 86.00 95.00 NOTE
r-patched-linux-x86_64 2.2.1 7.61 88.93 96.54 NOTE
r-release-linux-x86_64 2.2.1 8.52 89.54 98.06 NOTE
r-release-macos-arm64 2.2.1 40.00 NOTE
r-release-macos-x86_64 2.2.1 61.00 NOTE
r-release-windows-x86_64 2.2.1 11.00 100.00 111.00 NOTE
r-oldrel-macos-arm64 2.2.1 34.00 NOTE
r-oldrel-macos-x86_64 2.2.1 67.00 NOTE
r-oldrel-windows-x86_64 2.2.1 12.00 120.00 132.00 NOTE

Check Details

Version: 2.2.1
Check: LazyData
Result: NOTE
     'LazyData' is specified without a 'data' directory
Flavors: r-devel-linux-x86_64-debian-clang, r-devel-linux-x86_64-debian-gcc, r-devel-linux-x86_64-fedora-clang, r-devel-linux-x86_64-fedora-gcc, r-devel-windows-x86_64, r-patched-linux-x86_64, r-release-linux-x86_64, r-release-macos-arm64, r-release-macos-x86_64, r-release-windows-x86_64, r-oldrel-macos-arm64, r-oldrel-macos-x86_64, r-oldrel-windows-x86_64