CRAN Package Check Results for Package Rprofet

Last updated on 2023-01-29 19:54:16 CET.

Flavor Version Tinstall Tcheck Ttotal Status Flags
r-devel-linux-x86_64-debian-clang 2.2.1 7.97 92.99 100.96 NOTE
r-devel-linux-x86_64-debian-gcc 2.2.1 6.38 67.80 74.18 NOTE
r-devel-linux-x86_64-fedora-clang 2.2.1 121.12 NOTE
r-devel-linux-x86_64-fedora-gcc 2.2.1 116.58 NOTE
r-devel-windows-x86_64 2.2.1 18.00 116.00 134.00 NOTE
r-patched-linux-x86_64 2.2.1 7.41 89.42 96.83 NOTE
r-release-linux-x86_64 2.2.1 7.57 90.13 97.70 NOTE
r-release-macos-arm64 2.2.1 34.00 NOTE
r-release-macos-x86_64 2.2.1 67.00 NOTE
r-release-windows-x86_64 2.2.1 14.00 118.00 132.00 NOTE
r-oldrel-macos-arm64 2.2.1 53.00 NOTE
r-oldrel-macos-x86_64 2.2.1 56.00 NOTE
r-oldrel-windows-ix86+x86_64 2.2.1 19.00 117.00 136.00 NOTE

Check Details

Version: 2.2.1
Check: LazyData
Result: NOTE
     'LazyData' is specified without a 'data' directory
Flavors: r-devel-linux-x86_64-debian-clang, r-devel-linux-x86_64-debian-gcc, r-devel-linux-x86_64-fedora-clang, r-devel-linux-x86_64-fedora-gcc, r-devel-windows-x86_64, r-patched-linux-x86_64, r-release-linux-x86_64, r-release-macos-arm64, r-release-macos-x86_64, r-release-windows-x86_64, r-oldrel-macos-arm64, r-oldrel-macos-x86_64, r-oldrel-windows-ix86+x86_64