CRAN Package Check Results for Package Rsconctdply

Last updated on 2022-05-28 21:50:50 CEST.

Flavor Version Tinstall Tcheck Ttotal Status Flags
r-devel-linux-x86_64-debian-clang 0.1.3 1.95 29.42 31.37 NOTE
r-devel-linux-x86_64-debian-gcc 0.1.3 1.24 22.65 23.89 NOTE
r-devel-linux-x86_64-fedora-clang 0.1.3 37.92 NOTE
r-devel-linux-x86_64-fedora-gcc 0.1.3 36.15 NOTE
r-devel-windows-x86_64 0.1.3 12.00 48.00 60.00 NOTE
r-patched-linux-x86_64 0.1.3 2.09 28.06 30.15 NOTE
r-release-linux-x86_64 0.1.3 1.42 27.95 29.37 NOTE
r-release-macos-arm64 0.1.3 15.00 NOTE
r-release-macos-x86_64 0.1.3 26.00 NOTE
r-release-windows-x86_64 0.1.3 15.00 45.00 60.00 NOTE
r-oldrel-macos-arm64 0.1.3 16.00 NOTE
r-oldrel-macos-x86_64 0.1.3 26.00 NOTE
r-oldrel-windows-ix86+x86_64 0.1.3 6.00 41.00 47.00 NOTE

Check Details

Version: 0.1.3
Check: LazyData
Result: NOTE
     'LazyData' is specified without a 'data' directory
Flavors: r-devel-linux-x86_64-debian-clang, r-devel-linux-x86_64-debian-gcc, r-devel-linux-x86_64-fedora-clang, r-devel-linux-x86_64-fedora-gcc, r-devel-windows-x86_64, r-patched-linux-x86_64, r-release-linux-x86_64, r-release-macos-arm64, r-release-macos-x86_64, r-release-windows-x86_64, r-oldrel-macos-arm64, r-oldrel-macos-x86_64, r-oldrel-windows-ix86+x86_64

Version: 0.1.3
Check: dependencies in R code
Result: NOTE
    Namespace in Imports field not imported from: ‘dplyr’
     All declared Imports should be used.
Flavors: r-devel-linux-x86_64-fedora-clang, r-devel-linux-x86_64-fedora-gcc, r-release-macos-arm64, r-release-macos-x86_64, r-oldrel-macos-arm64, r-oldrel-macos-x86_64