CRAN Package Check Results for Package Rsconctdply

Last updated on 2024-05-23 21:50:53 CEST.

Flavor Version Tinstall Tcheck Ttotal Status Flags
r-devel-linux-x86_64-debian-clang 0.1.3 2.03 20.43 22.46 NOTE
r-devel-linux-x86_64-debian-gcc 0.1.3 1.66 15.76 17.42 NOTE
r-devel-linux-x86_64-fedora-clang 0.1.3 28.60 NOTE
r-devel-linux-x86_64-fedora-gcc 0.1.3 27.28 NOTE
r-devel-windows-x86_64 0.1.3 3.00 37.00 40.00 NOTE
r-patched-linux-x86_64 0.1.3 1.94 19.31 21.25 NOTE
r-release-linux-x86_64 0.1.3 1.73 19.71 21.44 NOTE
r-release-macos-arm64 0.1.3 13.00 NOTE
r-release-windows-x86_64 0.1.3 4.00 38.00 42.00 NOTE
r-oldrel-macos-arm64 0.1.3 16.00 NOTE
r-oldrel-macos-x86_64 0.1.3 18.00 NOTE
r-oldrel-windows-x86_64 0.1.3 4.00 38.00 42.00 NOTE

Check Details

Version: 0.1.3
Check: LazyData
Result: NOTE 'LazyData' is specified without a 'data' directory Flavors: r-devel-linux-x86_64-debian-clang, r-devel-linux-x86_64-debian-gcc, r-devel-linux-x86_64-fedora-clang, r-devel-linux-x86_64-fedora-gcc, r-devel-windows-x86_64, r-patched-linux-x86_64, r-release-linux-x86_64, r-release-macos-arm64, r-release-windows-x86_64, r-oldrel-macos-arm64, r-oldrel-macos-x86_64, r-oldrel-windows-x86_64

Version: 0.1.3
Check: dependencies in R code
Result: NOTE Namespace in Imports field not imported from: ‘dplyr’ All declared Imports should be used. Flavors: r-devel-linux-x86_64-fedora-clang, r-devel-linux-x86_64-fedora-gcc