CRAN Package Check Results for Package Rthingsboard

Last updated on 2024-04-14 21:49:36 CEST.

Flavor Version Tinstall Tcheck Ttotal Status Flags
r-devel-linux-x86_64-debian-clang 0.2.7 5.67 42.30 47.97 OK
r-devel-linux-x86_64-debian-gcc 0.2.7 4.05 32.21 36.26 OK
r-devel-linux-x86_64-fedora-clang 0.2.7 59.86 NOTE
r-devel-linux-x86_64-fedora-gcc 0.2.7 57.20 NOTE
r-devel-windows-x86_64 0.2.7 6.00 52.00 58.00 OK
r-patched-linux-x86_64 0.2.7 5.59 40.72 46.31 OK
r-release-linux-x86_64 0.2.7 4.33 41.03 45.36 OK
r-release-macos-arm64 0.2.7 21.00 OK
r-release-macos-x86_64 0.2.7 31.00 OK
r-release-windows-x86_64 0.2.7 7.00 55.00 62.00 OK
r-oldrel-macos-arm64 0.2.7 22.00 NOTE
r-oldrel-windows-x86_64 0.2.7 9.00 57.00 66.00 OK

Check Details

Version: 0.2.7
Check: dependencies in R code
Result: NOTE Namespaces in Imports field not imported from: ‘httr’ ‘logger’ All declared Imports should be used. Flavors: r-devel-linux-x86_64-fedora-clang, r-devel-linux-x86_64-fedora-gcc, r-oldrel-macos-arm64