CRAN Package Check Results for Package Rtrack

Last updated on 2022-05-27 21:51:32 CEST.

Flavor Version Tinstall Tcheck Ttotal Status Flags
r-devel-linux-x86_64-debian-clang 1.0.0 51.54 369.16 420.70 NOTE
r-devel-linux-x86_64-debian-gcc 1.0.0 46.67 273.69 320.36 NOTE
r-devel-linux-x86_64-fedora-clang 1.0.0 504.29 NOTE
r-devel-linux-x86_64-fedora-gcc 1.0.0 497.84 NOTE
r-devel-windows-x86_64 1.0.0 48.00 353.00 401.00 NOTE
r-patched-linux-x86_64 1.0.0 41.09 349.21 390.30 NOTE
r-release-linux-x86_64 1.0.0 37.49 354.31 391.80 NOTE
r-release-macos-arm64 1.0.0 110.00 NOTE
r-release-macos-x86_64 1.0.0 193.00 NOTE
r-release-windows-x86_64 1.0.0 55.00 327.00 382.00 NOTE
r-oldrel-macos-arm64 1.0.0 83.00 NOTE
r-oldrel-macos-x86_64 1.0.0 151.00 NOTE
r-oldrel-windows-ix86+x86_64 1.0.0 101.00 339.00 440.00 NOTE

Check Details

Version: 1.0.0
Check: LazyData
Result: NOTE
     'LazyData' is specified without a 'data' directory
Flavors: r-devel-linux-x86_64-debian-clang, r-devel-linux-x86_64-debian-gcc, r-devel-linux-x86_64-fedora-clang, r-devel-linux-x86_64-fedora-gcc, r-devel-windows-x86_64, r-patched-linux-x86_64, r-release-linux-x86_64, r-release-macos-arm64, r-release-macos-x86_64, r-release-windows-x86_64, r-oldrel-macos-arm64, r-oldrel-macos-x86_64, r-oldrel-windows-ix86+x86_64