Last updated on 2023-09-26 23:04:24 CEST.
Flavor | Version | Tinstall | Tcheck | Ttotal | Status | Flags |
---|---|---|---|---|---|---|
r-devel-linux-x86_64-debian-clang | 0.22.1 | 770.10 | 53.52 | 823.62 | NOTE | |
r-devel-linux-x86_64-debian-gcc | 0.22.1 | 578.31 | 48.06 | 626.37 | NOTE | |
r-devel-linux-x86_64-fedora-clang | 0.22.1 | 1274.66 | NOTE | |||
r-devel-linux-x86_64-fedora-gcc | 0.22.1 | 1422.64 | NOTE | |||
r-devel-windows-x86_64 | 0.22.1 | 603.00 | 117.00 | 720.00 | NOTE | |
r-patched-linux-x86_64 | 0.22.1 | 765.30 | 60.01 | 825.31 | NOTE | |
r-release-linux-x86_64 | 0.22.1 | 787.10 | 59.98 | 847.08 | NOTE | |
r-release-macos-arm64 | 0.22.1 | 290.00 | NOTE | |||
r-release-macos-x86_64 | 0.22.1 | 465.00 | NOTE | |||
r-release-windows-x86_64 | 0.22.1 | 773.00 | 133.00 | 906.00 | NOTE | |
r-oldrel-macos-arm64 | 0.22.1 | 272.00 | NOTE | |||
r-oldrel-macos-x86_64 | 0.22.1 | 314.00 | NOTE | |||
r-oldrel-windows-x86_64 | 0.22.1 | 729.00 | 111.00 | 840.00 | OK |
Version: 0.22.1
Check: C++ specification
Result: NOTE
Specified C++11: please drop specification unless essential
Flavors: r-devel-linux-x86_64-debian-clang, r-devel-linux-x86_64-debian-gcc, r-devel-linux-x86_64-fedora-clang, r-devel-linux-x86_64-fedora-gcc, r-devel-windows-x86_64, r-patched-linux-x86_64, r-release-linux-x86_64, r-release-macos-arm64, r-release-macos-x86_64, r-release-windows-x86_64
Version: 0.22.1
Check: installed package size
Result: NOTE
installed size is 49.0Mb
sub-directories of 1Mb or more:
libs 47.8Mb
Flavors: r-release-macos-arm64, r-release-macos-x86_64, r-oldrel-macos-arm64, r-oldrel-macos-x86_64