Last updated on 2023-03-27 20:52:27 CEST.
Flavor | Version | Tinstall | Tcheck | Ttotal | Status | Flags |
---|---|---|---|---|---|---|
r-devel-linux-x86_64-debian-clang | 0.22.1 | 756.24 | 53.08 | 809.32 | NOTE | |
r-devel-linux-x86_64-debian-gcc | 0.22.1 | 623.59 | 47.79 | 671.38 | NOTE | |
r-devel-linux-x86_64-fedora-clang | 0.22.1 | 1273.89 | NOTE | |||
r-devel-linux-x86_64-fedora-gcc | 0.22.1 | 1227.08 | NOTE | |||
r-devel-windows-x86_64 | 0.22.1 | 765.00 | 183.00 | 948.00 | NOTE | |
r-patched-linux-x86_64 | 0.22.1 | 676.40 | 59.35 | 735.75 | NOTE | |
r-release-linux-x86_64 | 0.22.1 | 675.66 | 56.18 | 731.84 | OK | |
r-release-macos-arm64 | 0.22.1 | 239.00 | NOTE | |||
r-release-macos-x86_64 | 0.22.1 | 314.00 | NOTE | |||
r-release-windows-x86_64 | 0.22.1 | 699.00 | 142.00 | 841.00 | OK | |
r-oldrel-macos-arm64 | 0.22.1 | 222.00 | NOTE | |||
r-oldrel-macos-x86_64 | 0.22.1 | 301.00 | NOTE | |||
r-oldrel-windows-ix86+x86_64 | 0.22.1 | 1821.00 | 145.00 | 1966.00 | NOTE |
Version: 0.22.1
Check: C++ specification
Result: NOTE
Specified C++11: please drop specification unless essential
Flavors: r-devel-linux-x86_64-debian-clang, r-devel-linux-x86_64-debian-gcc, r-devel-linux-x86_64-fedora-clang, r-devel-linux-x86_64-fedora-gcc, r-devel-windows-x86_64, r-patched-linux-x86_64
Version: 0.22.1
Check: installed package size
Result: NOTE
installed size is 48.6Mb
sub-directories of 1Mb or more:
libs 47.4Mb
Flavors: r-release-macos-arm64, r-release-macos-x86_64, r-oldrel-macos-arm64, r-oldrel-macos-x86_64, r-oldrel-windows-ix86+x86_64