CRAN Package Check Results for Package Rvcg

Last updated on 2021-05-17 21:49:50 CEST.

Flavor Version Tinstall Tcheck Ttotal Status Flags
r-devel-linux-x86_64-debian-clang 0.19.2 717.99 46.70 764.69 OK
r-devel-linux-x86_64-debian-gcc 0.19.2 508.24 41.28 549.52 OK
r-devel-linux-x86_64-fedora-clang 0.19.2 1114.32 NOTE
r-devel-linux-x86_64-fedora-gcc 0.19.2 1039.68 OK
r-devel-windows-ix86+x86_64 0.19.2 1664.00 106.00 1770.00 NOTE
r-devel-windows-x86_64-gcc10-UCRT 0.19.2 OK
r-patched-linux-x86_64 0.19.2 617.05 51.06 668.11 OK
r-patched-solaris-x86 0.19.2 830.20 OK
r-release-linux-x86_64 0.19.2 609.05 49.58 658.63 OK
r-release-macos-x86_64 0.19.2 NOTE
r-release-windows-ix86+x86_64 0.19.2 1180.00 108.00 1288.00 NOTE
r-oldrel-macos-x86_64 0.19.2 NOTE
r-oldrel-windows-ix86+x86_64 0.19.2 1096.00 132.00 1228.00 NOTE

Check Details

Version: 0.19.2
Check: installed package size
Result: NOTE
     installed size is 49.8Mb
     sub-directories of 1Mb or more:
     libs 49.0Mb
Flavors: r-devel-linux-x86_64-fedora-clang, r-devel-windows-ix86+x86_64, r-release-macos-x86_64, r-release-windows-ix86+x86_64, r-oldrel-macos-x86_64, r-oldrel-windows-ix86+x86_64