Last updated on 2023-09-26 23:04:24 CEST.
Flavor | Version | Tinstall | Tcheck | Ttotal | Status | Flags |
---|---|---|---|---|---|---|
r-devel-linux-x86_64-debian-clang | 0.8-3 | 78.09 | 65.24 | 143.33 | NOTE | |
r-devel-linux-x86_64-debian-gcc | 0.8-3 | 62.85 | 49.35 | 112.20 | NOTE | |
r-devel-linux-x86_64-fedora-clang | 0.8-3 | 216.54 | NOTE | |||
r-devel-linux-x86_64-fedora-gcc | 0.8-3 | 221.58 | NOTE | |||
r-devel-windows-x86_64 | 0.8-3 | 66.00 | 97.00 | 163.00 | NOTE | |
r-patched-linux-x86_64 | 0.8-3 | 82.16 | 63.04 | 145.20 | NOTE | |
r-release-linux-x86_64 | 0.8-3 | 85.80 | 63.49 | 149.29 | NOTE | |
r-release-macos-arm64 | 0.8-3 | 57.00 | NOTE | |||
r-release-macos-x86_64 | 0.8-3 | 92.00 | NOTE | |||
r-release-windows-x86_64 | 0.8-3 | 85.00 | 110.00 | 195.00 | NOTE | |
r-oldrel-macos-arm64 | 0.8-3 | 52.00 | NOTE | |||
r-oldrel-macos-x86_64 | 0.8-3 | 68.00 | NOTE | |||
r-oldrel-windows-x86_64 | 0.8-3 | 80.00 | 103.00 | 183.00 | OK |
Version: 0.8-3
Check: C++ specification
Result: NOTE
Specified C++11: please drop specification unless essential
Flavors: r-devel-linux-x86_64-debian-clang, r-devel-linux-x86_64-debian-gcc, r-devel-linux-x86_64-fedora-clang, r-devel-linux-x86_64-fedora-gcc, r-devel-windows-x86_64, r-patched-linux-x86_64, r-release-linux-x86_64, r-release-macos-arm64, r-release-macos-x86_64, r-release-windows-x86_64
Version: 0.8-3
Check: installed package size
Result: NOTE
installed size is 11.0Mb
sub-directories of 1Mb or more:
libs 10.1Mb
Flavors: r-release-macos-arm64, r-release-macos-x86_64, r-oldrel-macos-arm64, r-oldrel-macos-x86_64