CRAN Package Check Results for Package Rwofost

Last updated on 2022-11-30 19:53:38 CET.

Flavor Version Tinstall Tcheck Ttotal Status Flags
r-devel-linux-x86_64-debian-clang 0.8-3 73.36 67.25 140.61 OK
r-devel-linux-x86_64-debian-gcc 0.8-3 66.49 50.61 117.10 OK
r-devel-linux-x86_64-fedora-clang 0.8-3 230.66 OK
r-devel-linux-x86_64-fedora-gcc 0.8-3 219.47 OK
r-devel-windows-x86_64 0.8-3 89.00 123.00 212.00 OK
r-patched-linux-x86_64 0.8-3 74.64 65.50 140.14 OK
r-release-linux-x86_64 0.8-3 74.50 68.04 142.54 OK
r-release-macos-arm64 0.8-3 47.00 NOTE
r-release-macos-x86_64 0.8-3 68.00 NOTE
r-release-windows-x86_64 0.8-3 107.00 129.00 236.00 OK
r-oldrel-macos-arm64 0.8-3 48.00 NOTE
r-oldrel-macos-x86_64 0.8-3 65.00 NOTE
r-oldrel-windows-ix86+x86_64 0.8-3 189.00 131.00 320.00 OK

Check Details

Version: 0.8-3
Check: installed package size
Result: NOTE
     installed size is 10.3Mb
     sub-directories of 1Mb or more:
     libs 9.4Mb
Flavors: r-release-macos-arm64, r-release-macos-x86_64, r-oldrel-macos-arm64, r-oldrel-macos-x86_64