CRAN Package Check Results for Package SACOBRA

Last updated on 2021-11-28 19:49:05 CET.

Flavor Version Tinstall Tcheck Ttotal Status Flags
r-devel-linux-x86_64-debian-clang 1.2 OK
r-devel-linux-x86_64-debian-gcc 1.2 7.62 61.49 69.11 OK
r-devel-linux-x86_64-fedora-clang 1.2 131.90 NOTE
r-devel-linux-x86_64-fedora-gcc 1.2 110.55 NOTE
r-devel-windows-x86_64-new-UL 1.2 22.00 116.00 138.00 OK
r-devel-windows-x86_64-new-TK 1.2 NOTE
r-devel-windows-x86_64-old 1.2 13.00 90.00 103.00 OK
r-patched-linux-x86_64 1.2 10.55 78.54 89.09 OK
r-patched-solaris-x86 1.2 125.50 NOTE
r-release-linux-x86_64 1.2 10.17 79.31 89.48 OK
r-release-macos-arm64 1.2 NOTE
r-release-macos-x86_64 1.2 NOTE
r-release-windows-ix86+x86_64 1.2 18.00 98.00 116.00 OK
r-oldrel-macos-x86_64 1.2 NOTE
r-oldrel-windows-ix86+x86_64 1.2 12.00 102.00 114.00 OK

Check Details

Version: 1.2
Check: dependencies in R code
Result: NOTE
    Namespaces in Imports field not imported from:
     ‘R6’ ‘mgcv’
     All declared Imports should be used.
Flavors: r-devel-linux-x86_64-fedora-clang, r-devel-linux-x86_64-fedora-gcc, r-devel-windows-x86_64-new-TK, r-patched-solaris-x86, r-release-macos-arm64, r-release-macos-x86_64, r-oldrel-macos-x86_64