CRAN Package Check Results for Package SEA

Last updated on 2024-02-22 19:55:44 CET.

Flavor Version Tinstall Tcheck Ttotal Status Flags
r-devel-linux-x86_64-debian-clang 2.0.1 OK
r-devel-linux-x86_64-debian-gcc 2.0.1 229.61 650.62 880.23 OK
r-devel-linux-x86_64-fedora-clang 2.0.1 1536.36 NOTE
r-devel-linux-x86_64-fedora-gcc 2.0.1 1424.34 OK
r-devel-windows-x86_64 2.0.1 213.00 437.00 650.00 NOTE
r-patched-linux-x86_64 2.0.1 274.99 904.15 1179.14 OK
r-release-linux-x86_64 2.0.1 257.16 895.17 1152.33 OK
r-release-macos-arm64 2.0.1 283.00 NOTE
r-release-macos-x86_64 2.0.1 574.00 NOTE
r-release-windows-x86_64 2.0.1 299.00 614.00 913.00 NOTE
r-oldrel-macos-arm64 2.0.1 294.00 NOTE
r-oldrel-windows-x86_64 2.0.1 304.00 599.00 903.00 NOTE

Check Details

Version: 2.0.1
Check: installed package size
Result: NOTE installed size is 8.5Mb sub-directories of 1Mb or more: R 7.8Mb Flavors: r-devel-linux-x86_64-fedora-clang, r-devel-windows-x86_64, r-release-macos-arm64, r-release-macos-x86_64, r-release-windows-x86_64, r-oldrel-macos-arm64, r-oldrel-windows-x86_64