CRAN Package Check Results for Package SEIRfansy

Last updated on 2022-01-15 20:00:13 CET.

Flavor Version Tinstall Tcheck Ttotal Status Flags
r-devel-linux-x86_64-debian-clang 1.1.1 13.57 118.78 132.35 OK
r-devel-linux-x86_64-debian-gcc 1.1.1 10.89 89.69 100.58 OK
r-devel-linux-x86_64-fedora-clang 1.1.1 161.47 NOTE
r-devel-linux-x86_64-fedora-gcc 1.1.1 144.24 NOTE
r-devel-windows-x86_64-new-UL 1.1.1 26.00 140.00 166.00 OK
r-devel-windows-x86_64-new-TK 1.1.1 ERROR
r-patched-linux-x86_64 1.1.1 12.01 113.38 125.39 OK
r-release-linux-x86_64 1.1.1 10.89 112.75 123.64 OK
r-release-macos-arm64 1.1.1 NOTE
r-release-macos-x86_64 1.1.1 NOTE
r-release-windows-ix86+x86_64 1.1.1 33.00 137.00 170.00 OK
r-oldrel-macos-x86_64 1.1.1 NOTE
r-oldrel-windows-ix86+x86_64 1.1.1 33.00 137.00 170.00 OK

Check Details

Version: 1.1.1
Check: dependencies in R code
Result: NOTE
    Namespace in Imports field not imported from: ‘knitr’
     All declared Imports should be used.
Flavors: r-devel-linux-x86_64-fedora-clang, r-devel-linux-x86_64-fedora-gcc, r-release-macos-arm64, r-release-macos-x86_64, r-oldrel-macos-x86_64

Version: 1.1.1
Check: package dependencies
Result: ERROR
    Packages required but not available: 'arm', 'ggpubr'
    
    See section 'The DESCRIPTION file' in the 'Writing R Extensions'
    manual.
Flavor: r-devel-windows-x86_64-new-TK