CRAN Package Check Results for Package SIHR

Last updated on 2021-11-28 19:49:06 CET.

Flavor Version Tinstall Tcheck Ttotal Status Flags
r-devel-linux-x86_64-debian-clang 0.2.0 OK
r-devel-linux-x86_64-debian-gcc 0.2.0 11.31 338.31 349.62 OK
r-devel-linux-x86_64-fedora-clang 0.2.0 13.02 ERROR
r-devel-linux-x86_64-fedora-gcc 0.2.0 558.12 NOTE
r-devel-windows-x86_64-new-UL 0.2.0 23.00 509.00 532.00 OK
r-devel-windows-x86_64-new-TK 0.2.0 NOTE
r-devel-windows-x86_64-old 0.2.0 17.00 486.00 503.00 OK
r-patched-linux-x86_64 0.2.0 14.68 444.58 459.26 OK
r-patched-solaris-x86 0.2.0 252.00 NOTE
r-release-linux-x86_64 0.2.0 14.57 438.54 453.11 OK
r-release-macos-arm64 0.2.0 NOTE
r-release-macos-x86_64 0.2.0 NOTE
r-release-windows-ix86+x86_64 0.2.0 32.00 513.00 545.00 OK
r-oldrel-macos-x86_64 0.2.0 NOTE
r-oldrel-windows-ix86+x86_64 0.2.0 20.00 526.00 546.00 OK

Check Details

Version: 0.2.0
Check: package dependencies
Result: ERROR
    Package required but not available: ‘CVXR’
    
    See section ‘The DESCRIPTION file’ in the ‘Writing R Extensions’
    manual.
Flavor: r-devel-linux-x86_64-fedora-clang

Version: 0.2.0
Check: dependencies in R code
Result: NOTE
    Namespace in Imports field not imported from: ‘qpdf’
     All declared Imports should be used.
Flavors: r-devel-linux-x86_64-fedora-gcc, r-devel-windows-x86_64-new-TK, r-patched-solaris-x86, r-release-macos-arm64, r-release-macos-x86_64, r-oldrel-macos-x86_64