CRAN Package Check Results for Package SIRE

Last updated on 2021-12-07 19:49:58 CET.

Flavor Version Tinstall Tcheck Ttotal Status Flags
r-devel-linux-x86_64-debian-clang 1.1.0 2.79 35.64 38.43 OK
r-devel-linux-x86_64-debian-gcc 1.1.0 2.51 28.76 31.27 OK
r-devel-linux-x86_64-fedora-clang 1.1.0 48.30 NOTE
r-devel-linux-x86_64-fedora-gcc 1.1.0 37.31 NOTE
r-devel-windows-x86_64-new-UL 1.1.0 10.00 63.00 73.00 OK
r-devel-windows-x86_64-new-TK 1.1.0 NOTE
r-devel-windows-x86_64-old 1.1.0 6.00 45.00 51.00 OK
r-patched-linux-x86_64 1.1.0 2.71 34.92 37.63 OK
r-release-linux-x86_64 1.1.0 3.03 34.61 37.64 OK
r-release-macos-arm64 1.1.0 NOTE
r-release-macos-x86_64 1.1.0 NOTE
r-release-windows-ix86+x86_64 1.1.0 5.00 45.00 50.00 OK
r-oldrel-macos-x86_64 1.1.0 NOTE
r-oldrel-windows-ix86+x86_64 1.1.0 8.00 47.00 55.00 OK

Check Details

Version: 1.1.0
Check: dependencies in R code
Result: NOTE
    Namespaces in Imports field not imported from:
     ‘dplyr’ ‘magrittr’ ‘psych’ ‘stringr’
     All declared Imports should be used.
Flavors: r-devel-linux-x86_64-fedora-clang, r-devel-linux-x86_64-fedora-gcc, r-devel-windows-x86_64-new-TK, r-release-macos-arm64, r-release-macos-x86_64, r-oldrel-macos-x86_64