CRAN Package Check Results for Package SIT

Last updated on 2024-03-03 19:56:35 CET.

Flavor Version Tinstall Tcheck Ttotal Status Flags
r-devel-linux-x86_64-debian-clang 0.1.0 28.27 31.35 59.62 NOTE
r-devel-linux-x86_64-debian-gcc 0.1.0 23.99 23.93 47.92 NOTE
r-devel-linux-x86_64-fedora-clang 0.1.0 91.09 NOTE
r-devel-linux-x86_64-fedora-gcc 0.1.0 82.62 NOTE
r-devel-windows-x86_64 0.1.0 24.00 66.00 90.00 NOTE
r-patched-linux-x86_64 0.1.0 30.51 30.82 61.33 NOTE
r-release-linux-x86_64 0.1.0 25.44 31.31 56.75 NOTE
r-release-macos-arm64 0.1.0 26.00 NOTE
r-release-macos-x86_64 0.1.0 43.00 NOTE
r-release-windows-x86_64 0.1.0 25.00 72.00 97.00 NOTE
r-oldrel-macos-arm64 0.1.0 28.00 OK
r-oldrel-windows-x86_64 0.1.0 30.00 70.00 100.00 OK

Check Details

Version: 0.1.0
Check: C++ specification
Result: NOTE Specified C++11: please drop specification unless essential Flavors: r-devel-linux-x86_64-debian-clang, r-devel-linux-x86_64-debian-gcc, r-devel-linux-x86_64-fedora-clang, r-devel-linux-x86_64-fedora-gcc, r-devel-windows-x86_64, r-patched-linux-x86_64, r-release-linux-x86_64, r-release-macos-arm64, r-release-macos-x86_64, r-release-windows-x86_64