CRAN Package Check Results for Package SMITIDstruct

Last updated on 2022-01-25 19:50:46 CET.

Flavor Version Tinstall Tcheck Ttotal Status Flags
r-devel-linux-x86_64-debian-clang 0.0.5 20.17 191.46 211.63 NOTE
r-devel-linux-x86_64-debian-gcc 0.0.5 19.80 156.32 176.12 NOTE
r-devel-linux-x86_64-fedora-clang 0.0.5 239.58 NOTE
r-devel-linux-x86_64-fedora-gcc 0.0.5 241.28 NOTE
r-devel-windows-x86_64-new-UL 0.0.5 126.00 195.00 321.00 NOTE
r-devel-windows-x86_64-new-TK 0.0.5 NOTE
r-patched-linux-x86_64 0.0.5 18.95 164.71 183.66 NOTE
r-release-linux-x86_64 0.0.5 19.76 167.28 187.04 NOTE
r-release-macos-arm64 0.0.5 NOTE
r-release-macos-x86_64 0.0.5 NOTE
r-release-windows-ix86+x86_64 0.0.5 45.00 189.00 234.00 NOTE
r-oldrel-macos-x86_64 0.0.5 OK
r-oldrel-windows-ix86+x86_64 0.0.5 43.00 180.00 223.00 OK

Check Details

Version: 0.0.5
Check: LazyData
Result: NOTE
     'LazyData' is specified without a 'data' directory
Flavors: r-devel-linux-x86_64-debian-clang, r-devel-linux-x86_64-debian-gcc, r-devel-linux-x86_64-fedora-clang, r-devel-linux-x86_64-fedora-gcc, r-devel-windows-x86_64-new-UL, r-devel-windows-x86_64-new-TK, r-patched-linux-x86_64, r-release-linux-x86_64, r-release-macos-arm64, r-release-macos-x86_64, r-release-windows-ix86+x86_64