CRAN Package Check Results for Package SMME

Last updated on 2024-03-02 19:50:30 CET.

Flavor Version Tinstall Tcheck Ttotal Status Flags
r-devel-linux-x86_64-debian-clang 1.1.1 58.14 36.24 94.38 NOTE
r-devel-linux-x86_64-debian-gcc 1.1.1 37.10 27.87 64.97 NOTE
r-devel-linux-x86_64-fedora-clang 1.1.1 124.56 NOTE
r-devel-linux-x86_64-fedora-gcc 1.1.1 120.14 NOTE
r-devel-windows-x86_64 1.1.1 37.00 82.00 119.00 NOTE
r-patched-linux-x86_64 1.1.1 47.85 35.85 83.70 NOTE
r-release-linux-x86_64 1.1.1 46.52 36.40 82.92 NOTE
r-release-macos-arm64 1.1.1 37.00 NOTE
r-release-macos-x86_64 1.1.1 59.00 NOTE
r-release-windows-x86_64 1.1.1 33.00 88.00 121.00 NOTE
r-oldrel-macos-arm64 1.1.1 38.00 OK
r-oldrel-windows-x86_64 1.1.1 46.00 75.00 121.00 OK

Check Details

Version: 1.1.1
Check: C++ specification
Result: NOTE Specified C++11: please drop specification unless essential Flavors: r-devel-linux-x86_64-debian-clang, r-devel-linux-x86_64-debian-gcc, r-devel-linux-x86_64-fedora-clang, r-devel-linux-x86_64-fedora-gcc, r-devel-windows-x86_64, r-patched-linux-x86_64, r-release-linux-x86_64, r-release-macos-arm64, r-release-macos-x86_64, r-release-windows-x86_64