CRAN Package Check Results for Package SNPknock

Last updated on 2024-02-28 19:49:49 CET.

Flavor Version Tinstall Tcheck Ttotal Status Flags
r-devel-linux-x86_64-debian-clang 0.8.2 76.09 223.24 299.33 NOTE
r-devel-linux-x86_64-debian-gcc 0.8.2 59.39 149.94 209.33 NOTE
r-devel-linux-x86_64-fedora-clang 0.8.2 399.61 NOTE
r-devel-linux-x86_64-fedora-gcc 0.8.2 417.57 NOTE
r-devel-windows-x86_64 0.8.2 65.00 187.00 252.00 NOTE
r-patched-linux-x86_64 0.8.2 76.12 200.82 276.94 NOTE
r-release-linux-x86_64 0.8.2 82.18 199.38 281.56 NOTE
r-release-macos-arm64 0.8.2 116.00 NOTE
r-release-macos-x86_64 0.8.2 179.00 NOTE
r-release-windows-x86_64 0.8.2 82.00 230.00 312.00 NOTE
r-oldrel-macos-arm64 0.8.2 99.00 NOTE
r-oldrel-windows-x86_64 0.8.2 79.00 230.00 309.00 OK

Check Details

Version: 0.8.2
Check: C++ specification
Result: NOTE Specified C++11: please drop specification unless essential Flavors: r-devel-linux-x86_64-debian-clang, r-devel-linux-x86_64-debian-gcc, r-devel-linux-x86_64-fedora-clang, r-devel-linux-x86_64-fedora-gcc, r-devel-windows-x86_64, r-patched-linux-x86_64, r-release-linux-x86_64, r-release-macos-arm64, r-release-macos-x86_64, r-release-windows-x86_64

Version: 0.8.2
Check: Rd files
Result: NOTE checkRd: (-1) knockoffGenotypes.Rd:32: Lost braces; missing escapes or markup? 32 | This function efficiently constructs group-knockoffs of {0,1,2} variables distributed | ^ checkRd: (-1) knockoffGenotypes.Rd:11: Lost braces; missing escapes or markup? 11 | \item{X}{a {0,1,2} matrix of size n-by-p containing the original variables.} | ^ checkRd: (-1) knockoffGenotypes.Rd:29: Lost braces; missing escapes or markup? 29 | A {0,1,2} matrix of size n-by-p containing the knockoff variables. | ^ Flavors: r-devel-linux-x86_64-debian-clang, r-devel-linux-x86_64-debian-gcc, r-devel-linux-x86_64-fedora-clang, r-devel-linux-x86_64-fedora-gcc

Version: 0.8.2
Check: installed package size
Result: NOTE installed size is 6.2Mb sub-directories of 1Mb or more: extdata 3.1Mb libs 2.9Mb Flavors: r-release-macos-arm64, r-release-macos-x86_64, r-oldrel-macos-arm64