CRAN Package Check Results for Package SPARSEMODr

Last updated on 2021-12-03 19:50:28 CET.

Flavor Version Tinstall Tcheck Ttotal Status Flags
r-devel-linux-x86_64-debian-clang 1.1.0 25.81 132.65 158.46 OK
r-devel-linux-x86_64-debian-gcc 1.1.0 21.59 102.84 124.43 OK
r-devel-linux-x86_64-fedora-clang 1.1.0 223.59 NOTE
r-devel-linux-x86_64-fedora-gcc 1.1.0 204.88 NOTE
r-devel-windows-x86_64-new-UL 1.1.0 45.00 276.00 321.00 OK
r-devel-windows-x86_64-new-TK 1.1.0 NOTE
r-devel-windows-x86_64-old 1.1.0 38.00 205.00 243.00 OK
r-patched-linux-x86_64 1.1.0 30.86 146.34 177.20 OK
r-release-linux-x86_64 1.1.0 23.69 147.25 170.94 OK
r-release-macos-arm64 1.1.0 NOTE
r-release-macos-x86_64 1.1.0 NOTE
r-release-windows-ix86+x86_64 1.1.0 70.00 292.00 362.00 OK
r-oldrel-macos-x86_64 1.1.0 NOTE
r-oldrel-windows-ix86+x86_64 1.1.0 68.00 290.00 358.00 OK

Check Details

Version: 1.1.0
Check: dependencies in R code
Result: NOTE
    Namespaces in Imports field not imported from:
     ‘future’ ‘geosphere’ ‘lubridate’ ‘tidyverse’ ‘viridis’
     All declared Imports should be used.
Flavors: r-devel-linux-x86_64-fedora-clang, r-devel-linux-x86_64-fedora-gcc, r-devel-windows-x86_64-new-TK, r-release-macos-arm64, r-release-macos-x86_64, r-oldrel-macos-x86_64