CRAN Package Check Results for Package SPARTAAS

Last updated on 2022-01-26 19:50:47 CET.

Flavor Version Tinstall Tcheck Ttotal Status Flags
r-devel-linux-x86_64-debian-clang 1.1.0 51.10 438.54 489.64 OK
r-devel-linux-x86_64-debian-gcc 1.1.0 40.38 324.29 364.67 OK
r-devel-linux-x86_64-fedora-clang 1.1.0 547.19 NOTE
r-devel-linux-x86_64-fedora-gcc 1.1.0 578.26 OK
r-devel-windows-x86_64-new-UL 1.1.0 170.00 464.00 634.00 OK
r-devel-windows-x86_64-new-TK 1.1.0 ERROR
r-patched-linux-x86_64 1.1.0 43.82 399.42 443.24 OK
r-release-linux-x86_64 1.1.0 45.95 388.53 434.48 OK
r-release-macos-arm64 1.1.0 OK
r-release-macos-x86_64 1.1.0 OK
r-release-windows-ix86+x86_64 1.1.0 115.00 469.00 584.00 OK
r-oldrel-macos-x86_64 1.1.0 OK
r-oldrel-windows-ix86+x86_64 1.1.0 116.00 485.00 601.00 OK

Check Details

Version: 1.1.0
Check: package dependencies
Result: NOTE
    Imports includes 31 non-default packages.
    Importing from so many packages makes the package vulnerable to any of
    them becoming unavailable. Move as many as possible to Suggests and
    use conditionally.
Flavor: r-devel-linux-x86_64-fedora-clang

Version: 1.1.0
Check: package dependencies
Result: ERROR
    Package required but not available: 'FactoMineR'
    
    See section 'The DESCRIPTION file' in the 'Writing R Extensions'
    manual.
Flavor: r-devel-windows-x86_64-new-TK