CRAN Package Check Results for Package SPEDInstabR

Last updated on 2023-02-07 19:58:23 CET.

Flavor Version Tinstall Tcheck Ttotal Status Flags
r-devel-linux-x86_64-debian-clang 1.9 2.96 39.57 42.53 OK
r-devel-linux-x86_64-debian-gcc 1.9 2.03 30.16 32.19 OK
r-devel-linux-x86_64-fedora-clang 1.9 52.45 NOTE
r-devel-linux-x86_64-fedora-gcc 1.9 50.20 NOTE
r-devel-windows-x86_64 1.9 13.00 69.00 82.00 OK
r-patched-linux-x86_64 1.9 3.02 37.54 40.56 OK
r-release-linux-x86_64 1.9 2.71 37.99 40.70 OK
r-release-macos-arm64 1.9 21.00 NOTE
r-release-macos-x86_64 1.9 28.00 NOTE
r-release-windows-x86_64 1.9 9.00 74.00 83.00 OK
r-oldrel-macos-arm64 1.9 21.00 NOTE
r-oldrel-macos-x86_64 1.9 27.00 NOTE
r-oldrel-windows-ix86+x86_64 1.9 7.00 65.00 72.00 OK

Check Details

Version: 1.9
Check: data for non-ASCII characters
Result: NOTE
     Note: found 5 marked Latin-1 strings
Flavors: r-devel-linux-x86_64-fedora-clang, r-devel-linux-x86_64-fedora-gcc, r-release-macos-arm64, r-release-macos-x86_64, r-oldrel-macos-arm64, r-oldrel-macos-x86_64