CRAN Package Check Results for Package SQB

Last updated on 2021-11-29 19:51:46 CET.

Flavor Version Tinstall Tcheck Ttotal Status Flags
r-devel-linux-x86_64-debian-clang 0.4 13.29 116.97 130.26 NOTE
r-devel-linux-x86_64-debian-gcc 0.4 12.47 88.63 101.10 NOTE
r-devel-linux-x86_64-fedora-clang 0.4 177.10 NOTE
r-devel-linux-x86_64-fedora-gcc 0.4 154.36 NOTE
r-devel-windows-x86_64-new-UL 0.4 25.00 164.00 189.00 NOTE
r-devel-windows-x86_64-new-TK 0.4 NOTE
r-devel-windows-x86_64-old 0.4 24.00 110.00 134.00 NOTE
r-patched-linux-x86_64 0.4 13.89 109.47 123.36 NOTE
r-patched-solaris-x86 0.4 218.90 NOTE
r-release-linux-x86_64 0.4 12.99 111.51 124.50 NOTE
r-release-macos-arm64 0.4 NOTE
r-release-macos-x86_64 0.4 NOTE
r-release-windows-ix86+x86_64 0.4 32.00 100.00 132.00 NOTE
r-oldrel-macos-x86_64 0.4 OK
r-oldrel-windows-ix86+x86_64 0.4 27.00 125.00 152.00 OK

Check Details

Version: 0.4
Check: LazyData
Result: NOTE
     'LazyData' is specified without a 'data' directory
Flavors: r-devel-linux-x86_64-debian-clang, r-devel-linux-x86_64-debian-gcc, r-devel-linux-x86_64-fedora-clang, r-devel-linux-x86_64-fedora-gcc, r-devel-windows-x86_64-new-UL, r-devel-windows-x86_64-new-TK, r-devel-windows-x86_64-old, r-patched-linux-x86_64, r-patched-solaris-x86, r-release-linux-x86_64, r-release-macos-arm64, r-release-macos-x86_64, r-release-windows-ix86+x86_64