Last updated on 2022-05-20 21:53:03 CEST.
Flavor | Version | Tinstall | Tcheck | Ttotal | Status | Flags |
---|---|---|---|---|---|---|
r-devel-linux-x86_64-debian-clang | 0.2.1 | 36.84 | 37.73 | 74.57 | OK | |
r-devel-linux-x86_64-debian-gcc | 0.2.1 | 25.46 | 29.71 | 55.17 | OK | |
r-devel-linux-x86_64-fedora-clang | 0.2.1 | 101.66 | NOTE | |||
r-devel-linux-x86_64-fedora-gcc | 0.2.1 | 97.43 | NOTE | |||
r-devel-windows-x86_64 | 0.2.1 | 33.00 | 78.00 | 111.00 | OK | |
r-patched-linux-x86_64 | 0.2.1 | 32.03 | 36.88 | 68.91 | OK | |
r-release-linux-x86_64 | 0.2.1 | 28.85 | 37.62 | 66.47 | OK | |
r-release-macos-arm64 | 0.2.1 | 29.00 | NOTE | |||
r-release-macos-x86_64 | 0.2.1 | 36.00 | NOTE | |||
r-release-windows-x86_64 | 0.2.1 | 35.00 | 80.00 | 115.00 | OK | |
r-oldrel-macos-arm64 | 0.2.1 | 32.00 | NOTE | |||
r-oldrel-macos-x86_64 | 0.2.1 | 46.00 | NOTE | |||
r-oldrel-windows-ix86+x86_64 | 0.2.1 | 88.00 | 84.00 | 172.00 | OK |
Version: 0.2.1
Check: dependencies in R code
Result: NOTE
Namespace in Imports field not imported from: ‘MASS’
All declared Imports should be used.
Flavors: r-devel-linux-x86_64-fedora-clang, r-devel-linux-x86_64-fedora-gcc, r-release-macos-arm64, r-release-macos-x86_64, r-oldrel-macos-arm64, r-oldrel-macos-x86_64