Last updated on 2023-02-06 19:54:37 CET.
Flavor | Version | Tinstall | Tcheck | Ttotal | Status | Flags |
---|---|---|---|---|---|---|
r-devel-linux-x86_64-debian-clang | 1.3.0 | 22.99 | 159.55 | 182.54 | NOTE | |
r-devel-linux-x86_64-debian-gcc | 1.3.0 | 18.80 | 116.31 | 135.11 | NOTE | |
r-devel-linux-x86_64-fedora-clang | 1.3.0 | 232.65 | NOTE | |||
r-devel-linux-x86_64-fedora-gcc | 1.3.0 | 232.06 | OK | |||
r-devel-windows-x86_64 | 1.3.0 | 38.00 | 191.00 | 229.00 | NOTE | |
r-patched-linux-x86_64 | 1.3.0 | 23.44 | 147.05 | 170.49 | NOTE | |
r-release-linux-x86_64 | 1.3.0 | 19.85 | 143.30 | 163.15 | NOTE | |
r-release-macos-arm64 | 1.3.0 | 64.00 | NOTE | |||
r-release-macos-x86_64 | 1.3.0 | 87.00 | NOTE | |||
r-release-windows-x86_64 | 1.3.0 | 52.00 | 193.00 | 245.00 | NOTE | |
r-oldrel-macos-arm64 | 1.3.0 | 63.00 | NOTE | |||
r-oldrel-macos-x86_64 | 1.3.0 | 88.00 | NOTE | |||
r-oldrel-windows-ix86+x86_64 | 1.3.0 | 48.00 | 181.00 | 229.00 | NOTE |
Version: 1.3.0
Check: package dependencies
Result: NOTE
Package suggested but not available for checking: ‘INLA’
Flavors: r-devel-linux-x86_64-debian-clang, r-devel-linux-x86_64-debian-gcc, r-devel-windows-x86_64, r-patched-linux-x86_64, r-release-linux-x86_64, r-release-macos-arm64, r-release-macos-x86_64, r-release-windows-x86_64, r-oldrel-macos-arm64, r-oldrel-macos-x86_64
Version: 1.3.0
Check: installed package size
Result: NOTE
installed size is 5.9Mb
sub-directories of 1Mb or more:
data 2.0Mb
doc 3.3Mb
Flavors: r-devel-linux-x86_64-fedora-clang, r-devel-windows-x86_64, r-release-macos-arm64, r-release-macos-x86_64, r-release-windows-x86_64, r-oldrel-macos-arm64, r-oldrel-macos-x86_64, r-oldrel-windows-ix86+x86_64