CRAN Package Check Results for Package SUMMER

Last updated on 2022-01-23 19:48:44 CET.

Flavor Version Tinstall Tcheck Ttotal Status Flags
r-devel-linux-x86_64-debian-clang 1.2.0 20.32 157.94 178.26 NOTE
r-devel-linux-x86_64-debian-gcc 1.2.0 19.69 133.80 153.49 NOTE
r-devel-linux-x86_64-fedora-clang 1.2.0 221.85 OK
r-devel-linux-x86_64-fedora-gcc 1.2.0 203.32 OK
r-devel-windows-x86_64-new-UL 1.2.0 55.00 180.00 235.00 NOTE
r-devel-windows-x86_64-new-TK 1.2.0 NOTE
r-patched-linux-x86_64 1.2.0 23.77 150.12 173.89 NOTE
r-release-linux-x86_64 1.2.0 19.63 150.74 170.37 NOTE
r-release-macos-arm64 1.2.0 NOTE
r-release-macos-x86_64 1.2.0 NOTE
r-release-windows-ix86+x86_64 1.2.0 43.00 172.00 215.00 OK
r-oldrel-macos-x86_64 1.2.0 NOTE
r-oldrel-windows-ix86+x86_64 1.2.0 45.00 171.00 216.00 OK

Check Details

Version: 1.2.0
Check: package dependencies
Result: NOTE
    Package suggested but not available for checking: 'INLA'
Flavors: r-devel-linux-x86_64-debian-clang, r-devel-linux-x86_64-debian-gcc, r-devel-windows-x86_64-new-UL, r-devel-windows-x86_64-new-TK, r-patched-linux-x86_64, r-release-linux-x86_64, r-release-macos-arm64, r-release-macos-x86_64, r-oldrel-macos-x86_64