CRAN Package Check Results for Package Scalelink

Last updated on 2023-12-10 19:49:25 CET.

Flavor Version Tinstall Tcheck Ttotal Status Flags
r-devel-linux-x86_64-debian-clang 1.0 22.49 33.23 55.72 NOTE
r-devel-linux-x86_64-debian-gcc 1.0 16.00 25.92 41.92 NOTE
r-devel-linux-x86_64-fedora-clang 1.0 78.69 NOTE
r-devel-linux-x86_64-fedora-gcc 1.0 74.00 NOTE
r-devel-windows-x86_64 1.0 20.00 68.00 88.00 NOTE
r-patched-linux-x86_64 1.0 20.48 33.12 53.60 NOTE
r-release-linux-x86_64 1.0 19.51 32.54 52.05 NOTE
r-release-macos-arm64 1.0 26.00 NOTE
r-release-macos-x86_64 1.0 40.00 NOTE
r-release-windows-x86_64 1.0 21.00 74.00 95.00 NOTE
r-oldrel-macos-arm64 1.0 31.00 NOTE
r-oldrel-macos-x86_64 1.0 34.00 NOTE
r-oldrel-windows-x86_64 1.0 25.00 69.00 94.00 NOTE

Check Details

Version: 1.0
Check: C++ specification
Result: NOTE Specified C++11: please drop specification unless essential Flavors: r-devel-linux-x86_64-debian-clang, r-devel-linux-x86_64-debian-gcc, r-devel-linux-x86_64-fedora-clang, r-devel-linux-x86_64-fedora-gcc, r-devel-windows-x86_64, r-patched-linux-x86_64, r-release-linux-x86_64, r-release-macos-arm64, r-release-macos-x86_64, r-release-windows-x86_64

Version: 1.0
Check: for GNU extensions in Makefiles
Result: NOTE GNU make is a SystemRequirements. Flavors: r-devel-linux-x86_64-debian-clang, r-devel-linux-x86_64-debian-gcc, r-devel-linux-x86_64-fedora-clang, r-devel-linux-x86_64-fedora-gcc, r-devel-windows-x86_64, r-patched-linux-x86_64, r-release-linux-x86_64, r-release-macos-arm64, r-release-macos-x86_64, r-release-windows-x86_64, r-oldrel-macos-arm64, r-oldrel-macos-x86_64, r-oldrel-windows-x86_64