CRAN Package Check Results for Package ScorePlus

Last updated on 2022-05-25 21:53:11 CEST.

Flavor Version Tinstall Tcheck Ttotal Status Flags
r-devel-linux-x86_64-debian-clang 0.1 8.03 77.36 85.39 NOTE
r-devel-linux-x86_64-debian-gcc 0.1 5.35 59.10 64.45 NOTE
r-devel-linux-x86_64-fedora-clang 0.1 99.91 NOTE
r-devel-linux-x86_64-fedora-gcc 0.1 100.15 NOTE
r-devel-windows-x86_64 0.1 22.00 89.00 111.00 NOTE
r-patched-linux-x86_64 0.1 9.15 74.69 83.84 NOTE
r-release-linux-x86_64 0.1 NOTE
r-release-macos-arm64 0.1 29.00 NOTE
r-release-macos-x86_64 0.1 41.00 NOTE
r-release-windows-x86_64 0.1 17.00 88.00 105.00 NOTE
r-oldrel-macos-arm64 0.1 36.00 NOTE
r-oldrel-macos-x86_64 0.1 52.00 NOTE
r-oldrel-windows-ix86+x86_64 0.1 18.00 86.00 104.00 NOTE

Check Details

Version: 0.1
Check: LazyData
Result: NOTE
     'LazyData' is specified without a 'data' directory
Flavors: r-devel-linux-x86_64-debian-clang, r-devel-linux-x86_64-debian-gcc, r-devel-linux-x86_64-fedora-clang, r-devel-linux-x86_64-fedora-gcc, r-devel-windows-x86_64, r-patched-linux-x86_64, r-release-linux-x86_64, r-release-macos-arm64, r-release-macos-x86_64, r-release-windows-x86_64, r-oldrel-macos-arm64, r-oldrel-macos-x86_64, r-oldrel-windows-ix86+x86_64