CRAN Package Check Results for Package SemNetDictionaries

Last updated on 2024-07-24 21:50:41 CEST.

Flavor Version Tinstall Tcheck Ttotal Status Flags
r-devel-linux-x86_64-debian-clang 0.2.0 4.49 40.44 44.93 NOTE
r-devel-linux-x86_64-debian-gcc 0.2.0 4.72 30.23 34.95 NOTE
r-devel-linux-x86_64-fedora-clang 0.2.0 60.48 NOTE
r-devel-linux-x86_64-fedora-gcc 0.2.0 68.75 NOTE
r-devel-windows-x86_64 0.2.0 6.00 59.00 65.00 NOTE
r-patched-linux-x86_64 0.2.0 5.68 37.68 43.36 NOTE
r-release-linux-x86_64 0.2.0 4.12 38.34 42.46 NOTE
r-release-macos-arm64 0.2.0 30.00 NOTE
r-release-macos-x86_64 0.2.0 42.00 NOTE
r-release-windows-x86_64 0.2.0 6.00 58.00 64.00 NOTE
r-oldrel-macos-arm64 0.2.0 33.00 OK
r-oldrel-macos-x86_64 0.2.0 59.00 OK
r-oldrel-windows-x86_64 0.2.0 8.00 68.00 76.00 OK

Check Details

Version: 0.2.0
Check: Rd files
Result: NOTE checkRd: (-1) append.dictionary.Rd:33: Lost braces in \itemize; meant \describe ? checkRd: (-1) append.dictionary.Rd:36-37: Lost braces in \itemize; meant \describe ? checkRd: (-1) append.dictionary.Rd:40-41: Lost braces in \itemize; meant \describe ? checkRd: (-1) append.dictionary.Rd:44-47: Lost braces in \itemize; meant \describe ? checkRd: (-1) append.dictionary.Rd:89-92: Lost braces in \itemize; meant \describe ? checkRd: (-1) append.dictionary.Rd:95-98: Lost braces in \itemize; meant \describe ? checkRd: (-1) append.dictionary.Rd:107: Lost braces in \itemize; meant \describe ? checkRd: (-1) append.dictionary.Rd:110: Lost braces in \itemize; meant \describe ? checkRd: (-1) append.dictionary.Rd:113: Lost braces in \itemize; meant \describe ? Flavors: r-devel-linux-x86_64-debian-clang, r-devel-linux-x86_64-debian-gcc, r-devel-linux-x86_64-fedora-clang, r-devel-linux-x86_64-fedora-gcc, r-devel-windows-x86_64, r-patched-linux-x86_64, r-release-linux-x86_64, r-release-macos-arm64, r-release-macos-x86_64, r-release-windows-x86_64

Version: 0.2.0
Check: dependencies in R code
Result: NOTE Namespace in Imports field not imported from: ‘knitr’ All declared Imports should be used. Flavors: r-devel-linux-x86_64-fedora-clang, r-devel-linux-x86_64-fedora-gcc

Version: 0.2.0
Check: Rd cross-references
Result: NOTE Undeclared package ‘SemNetCleaner’ in Rd xrefs Flavor: r-devel-linux-x86_64-fedora-clang