CRAN Package Check Results for Package Seurat

Last updated on 2024-03-03 19:56:35 CET.

Flavor Version Tinstall Tcheck Ttotal Status Flags
r-devel-linux-x86_64-debian-clang 5.0.1 151.46 590.66 742.12 NOTE
r-devel-linux-x86_64-debian-gcc 5.0.2 134.36 466.88 601.24 NOTE
r-devel-linux-x86_64-fedora-clang 5.0.2 1051.91 NOTE
r-devel-linux-x86_64-fedora-gcc 5.0.2 988.33 NOTE
r-devel-windows-x86_64 5.0.2 120.00 492.00 612.00 NOTE
r-patched-linux-x86_64 5.0.1 184.50 583.34 767.84 NOTE
r-release-linux-x86_64 5.0.2 159.82 603.56 763.38 NOTE
r-release-macos-arm64 5.0.1 225.00 NOTE
r-release-macos-x86_64 5.0.2 553.00 NOTE
r-release-windows-x86_64 5.0.2 100.00 1478.00 1578.00 NOTE
r-oldrel-macos-arm64 5.0.1 222.00 NOTE
r-oldrel-windows-x86_64 5.0.2 105.00 966.00 1071.00 NOTE

Check Details

Version: 5.0.1
Check: package dependencies
Result: NOTE Packages suggested but not available for checking: 'BPCells', 'monocle', 'presto' Flavors: r-devel-linux-x86_64-debian-clang, r-patched-linux-x86_64, r-release-macos-arm64, r-oldrel-macos-arm64

Version: 5.0.2
Check: package dependencies
Result: NOTE Packages suggested but not available for checking: 'BPCells', 'monocle', 'presto' Flavors: r-devel-linux-x86_64-debian-gcc, r-devel-linux-x86_64-fedora-gcc, r-release-linux-x86_64, r-release-macos-x86_64

Version: 5.0.2
Check: package dependencies
Result: NOTE Packages suggested but not available for checking: 'BPCells', 'monocle', 'presto' Imports includes 47 non-default packages. Importing from so many packages makes the package vulnerable to any of them becoming unavailable. Move as many as possible to Suggests and use conditionally. Flavor: r-devel-linux-x86_64-fedora-clang

Version: 5.0.2
Check: Rd cross-references
Result: NOTE Undeclared package ‘Signac’ in Rd xrefs Flavor: r-devel-linux-x86_64-fedora-clang

Version: 5.0.2
Check: package dependencies
Result: NOTE Packages suggested but not available for checking: 'BPCells', 'presto' Flavors: r-devel-windows-x86_64, r-release-windows-x86_64, r-oldrel-windows-x86_64

Version: 5.0.1
Check: installed package size
Result: NOTE installed size is 10.3Mb sub-directories of 1Mb or more: R 2.0Mb libs 7.4Mb Flavors: r-release-macos-arm64, r-oldrel-macos-arm64

Version: 5.0.2
Check: installed package size
Result: NOTE installed size is 11.2Mb sub-directories of 1Mb or more: R 2.0Mb libs 8.3Mb Flavor: r-release-macos-x86_64