CRAN Package Check Results for Package SeuratObject

Last updated on 2021-11-27 19:49:49 CET.

Flavor Version Tinstall Tcheck Ttotal Status Flags
r-devel-linux-x86_64-debian-clang 4.0.4 OK
r-devel-linux-x86_64-debian-gcc 4.0.4 31.34 75.40 106.74 OK
r-devel-linux-x86_64-fedora-clang 4.0.4 196.87 NOTE
r-devel-linux-x86_64-fedora-gcc 4.0.4 183.08 OK
r-devel-windows-x86_64-new-UL 4.0.4 60.00 193.00 253.00 OK
r-devel-windows-x86_64-new-TK 4.0.3 OK
r-devel-windows-x86_64-old 4.0.4 60.00 153.00 213.00 OK
r-patched-linux-x86_64 4.0.4 38.29 96.29 134.58 OK
r-patched-solaris-x86 4.0.4 208.60 OK
r-release-linux-x86_64 4.0.4 OK
r-release-macos-arm64 4.0.4 OK
r-release-macos-x86_64 4.0.4 OK
r-release-windows-ix86+x86_64 4.0.3 95.00 130.00 225.00 OK
r-oldrel-macos-x86_64 4.0.4 OK
r-oldrel-windows-ix86+x86_64 4.0.4 74.00 125.00 199.00 OK

Check Details

Version: 4.0.4
Check: Rd cross-references
Result: NOTE
    Undeclared package ‘plotly’ in Rd xrefs
Flavor: r-devel-linux-x86_64-fedora-clang