CRAN Package Check Results for Package ShinyTester

Last updated on 2022-01-27 19:51:14 CET.

Flavor Version Tinstall Tcheck Ttotal Status Flags
r-devel-linux-x86_64-debian-clang 0.1.0 5.24 56.54 61.78 NOTE
r-devel-linux-x86_64-debian-gcc 0.1.0 4.12 42.17 46.29 NOTE
r-devel-linux-x86_64-fedora-clang 0.1.0 70.56 NOTE
r-devel-linux-x86_64-fedora-gcc 0.1.0 60.37 NOTE
r-devel-windows-x86_64-new-UL 0.1.0 20.00 73.00 93.00 NOTE
r-devel-windows-x86_64-new-TK 0.1.0 NOTE
r-patched-linux-x86_64 0.1.0 3.95 50.88 54.83 NOTE
r-release-linux-x86_64 0.1.0 4.77 50.48 55.25 NOTE
r-release-macos-arm64 0.1.0 NOTE
r-release-macos-x86_64 0.1.0 NOTE
r-release-windows-ix86+x86_64 0.1.0 12.00 63.00 75.00 NOTE
r-oldrel-macos-x86_64 0.1.0 OK
r-oldrel-windows-ix86+x86_64 0.1.0 12.00 62.00 74.00 OK

Check Details

Version: 0.1.0
Check: LazyData
Result: NOTE
     'LazyData' is specified without a 'data' directory
Flavors: r-devel-linux-x86_64-debian-clang, r-devel-linux-x86_64-debian-gcc, r-devel-linux-x86_64-fedora-clang, r-devel-linux-x86_64-fedora-gcc, r-devel-windows-x86_64-new-UL, r-devel-windows-x86_64-new-TK, r-patched-linux-x86_64, r-release-linux-x86_64, r-release-macos-arm64, r-release-macos-x86_64, r-release-windows-ix86+x86_64