CRAN Package Check Results for Package Signac

Last updated on 2021-11-27 19:49:49 CET.

Flavor Version Tinstall Tcheck Ttotal Status Flags
r-devel-linux-x86_64-debian-clang 1.4.0 OK
r-devel-linux-x86_64-debian-gcc 1.4.0 65.71 295.00 360.71 OK
r-devel-linux-x86_64-fedora-clang 1.4.0 634.46 NOTE
r-devel-linux-x86_64-fedora-gcc 1.4.0 606.37 NOTE
r-devel-windows-x86_64-new-UL 1.4.0 139.00 514.00 653.00 OK
r-devel-windows-x86_64-new-TK 1.4.0 OK
r-devel-windows-x86_64-old 1.4.0 108.00 368.00 476.00 OK
r-patched-linux-x86_64 1.4.0 85.36 371.22 456.58 OK
r-patched-solaris-x86 1.4.0 758.50 NOTE
r-release-linux-x86_64 1.4.0 OK
r-release-macos-arm64 1.4.0 NOTE
r-release-macos-x86_64 1.4.0 NOTE
r-release-windows-ix86+x86_64 1.4.0 202.00 663.00 865.00 OK
r-oldrel-macos-x86_64 1.4.0 NOTE
r-oldrel-windows-ix86+x86_64 1.4.0 112.00 8.00 120.00 ERROR

Check Details

Version: 1.4.0
Check: package dependencies
Result: NOTE
    Packages suggested but not available for checking:
     'chromVAR', 'TFBSTools', 'motifmatchr'
    
    Imports includes 28 non-default packages.
    Importing from so many packages makes the package vulnerable to any of
    them becoming unavailable. Move as many as possible to Suggests and
    use conditionally.
Flavor: r-devel-linux-x86_64-fedora-clang

Version: 1.4.0
Check: Rd cross-references
Result: NOTE
    Packages unavailable to check Rd xrefs: ‘TFBSTools’, ‘motifmatchr’, ‘chromVAR’
Flavors: r-devel-linux-x86_64-fedora-clang, r-patched-solaris-x86, r-release-macos-arm64, r-release-macos-x86_64, r-oldrel-macos-x86_64

Version: 1.4.0
Check: package dependencies
Result: NOTE
    Package suggested but not available for checking: ‘motifmatchr’
Flavor: r-devel-linux-x86_64-fedora-gcc

Version: 1.4.0
Check: Rd cross-references
Result: NOTE
    Package unavailable to check Rd xrefs: ‘motifmatchr’
Flavor: r-devel-linux-x86_64-fedora-gcc

Version: 1.4.0
Check: package dependencies
Result: NOTE
    Packages suggested but not available for checking:
     'chromVAR', 'TFBSTools', 'motifmatchr'
Flavors: r-patched-solaris-x86, r-release-macos-arm64, r-release-macos-x86_64, r-oldrel-macos-x86_64

Version: 1.4.0
Check: whether package can be installed
Result: ERROR
    Installation failed.
Flavor: r-oldrel-windows-ix86+x86_64