CRAN Package Check Results for Package SimDesign

Last updated on 2025-01-25 19:48:59 CET.

Flavor Version Tinstall Tcheck Ttotal Status Flags
r-devel-linux-x86_64-debian-clang 2.18 14.45 125.97 140.42 OK
r-devel-linux-x86_64-debian-gcc 2.18 8.99 89.08 98.07 OK
r-devel-linux-x86_64-fedora-clang 2.18 229.22 OK
r-devel-linux-x86_64-fedora-gcc 2.18 220.65 OK
r-devel-windows-x86_64 2.18 17.00 159.00 176.00 OK
r-patched-linux-x86_64 2.18 14.85 119.00 133.85 OK
r-release-linux-x86_64 2.18 12.68 118.95 131.63 OK
r-release-macos-arm64 2.18 76.00 NOTE
r-release-macos-x86_64 2.18 135.00 NOTE
r-release-windows-x86_64 2.18 17.00 161.00 178.00 NOTE
r-oldrel-macos-arm64 2.18 81.00 NOTE
r-oldrel-macos-x86_64 2.18 130.00 NOTE
r-oldrel-windows-x86_64 2.18 20.00 190.00 210.00 NOTE

Check Details

Version: 2.18
Check: installed package size
Result: NOTE installed size is 7.3Mb sub-directories of 1Mb or more: doc 6.5Mb Flavors: r-release-macos-arm64, r-release-macos-x86_64, r-release-windows-x86_64, r-oldrel-macos-arm64, r-oldrel-macos-x86_64, r-oldrel-windows-x86_64