CRAN Package Check Results for Package SimInf

Last updated on 2021-11-29 19:51:45 CET.

Flavor Version Tinstall Tcheck Ttotal Status Flags
r-devel-linux-x86_64-debian-clang 8.4.0 24.94 231.21 256.15 OK
r-devel-linux-x86_64-debian-gcc 8.4.0 21.59 207.34 228.93 OK
r-devel-linux-x86_64-fedora-clang 8.4.0 318.45 OK
r-devel-linux-x86_64-fedora-gcc 8.4.0 301.21 OK
r-devel-windows-x86_64-new-UL 8.4.0 68.00 388.00 456.00 OK
r-devel-windows-x86_64-new-TK 8.4.0 OK
r-devel-windows-x86_64-old 8.4.0 45.00 230.00 275.00 OK
r-patched-linux-x86_64 8.4.0 25.89 218.76 244.65 OK
r-patched-solaris-x86 8.4.0 468.00 OK
r-release-linux-x86_64 8.4.0 23.89 223.02 246.91 OK
r-release-macos-arm64 8.4.0 NOTE
r-release-macos-x86_64 8.4.0 NOTE
r-release-windows-ix86+x86_64 8.4.0 62.00 461.00 523.00 OK
r-oldrel-macos-x86_64 8.4.0 NOTE
r-oldrel-windows-ix86+x86_64 8.4.0 46.00 394.00 440.00 OK

Check Details

Version: 8.4.0
Check: installed package size
Result: NOTE
     installed size is 6.5Mb
     sub-directories of 1Mb or more:
     data 2.1Mb
     libs 2.8Mb
Flavors: r-release-macos-arm64, r-release-macos-x86_64, r-oldrel-macos-x86_64