CRAN Package Check Results for Package SimSurvNMarker

Last updated on 2024-02-26 19:50:22 CET.

Flavor Version Tinstall Tcheck Ttotal Status Flags
r-devel-linux-x86_64-debian-clang 0.1.3 67.18 39.35 106.53 NOTE
r-devel-linux-x86_64-debian-gcc 0.1.3 48.37 30.63 79.00 NOTE
r-devel-linux-x86_64-fedora-clang 0.1.3 168.85 NOTE
r-devel-linux-x86_64-fedora-gcc 0.1.3 161.61 NOTE
r-devel-windows-x86_64 0.1.3 52.00 83.00 135.00 NOTE
r-patched-linux-x86_64 0.1.3 62.19 38.72 100.91 NOTE
r-release-linux-x86_64 0.1.3 63.75 39.18 102.93 NOTE
r-release-macos-arm64 0.1.3 53.00 NOTE
r-release-macos-x86_64 0.1.3 78.00 NOTE
r-release-windows-x86_64 0.1.3 64.00 92.00 156.00 NOTE
r-oldrel-macos-arm64 0.1.3 40.00 OK
r-oldrel-windows-x86_64 0.1.3 65.00 81.00 146.00 OK

Check Details

Version: 0.1.3
Check: C++ specification
Result: NOTE Specified C++14: please drop specification unless essential Flavors: r-devel-linux-x86_64-debian-clang, r-devel-linux-x86_64-debian-gcc, r-devel-linux-x86_64-fedora-clang, r-devel-linux-x86_64-fedora-gcc, r-devel-windows-x86_64, r-patched-linux-x86_64, r-release-linux-x86_64, r-release-macos-arm64, r-release-macos-x86_64, r-release-windows-x86_64