CRAN Package Check Results for Package SimTimeVar

Last updated on 2021-11-28 19:49:06 CET.

Flavor Version Tinstall Tcheck Ttotal Status Flags
r-devel-linux-x86_64-debian-clang 1.0.0 OK
r-devel-linux-x86_64-debian-gcc 1.0.0 3.42 28.77 32.19 OK
r-devel-linux-x86_64-fedora-clang 1.0.0 61.04 NOTE
r-devel-linux-x86_64-fedora-gcc 1.0.0 48.61 NOTE
r-devel-windows-x86_64-new-UL 1.0.0 13.00 79.00 92.00 OK
r-devel-windows-x86_64-new-TK 1.0.0 NOTE
r-devel-windows-x86_64-old 1.0.0 7.00 43.00 50.00 OK
r-patched-linux-x86_64 1.0.0 3.71 35.08 38.79 OK
r-patched-solaris-x86 1.0.0 75.90 NOTE
r-release-linux-x86_64 1.0.0 3.98 34.93 38.91 OK
r-release-macos-arm64 1.0.0 NOTE
r-release-macos-x86_64 1.0.0 NOTE
r-release-windows-ix86+x86_64 1.0.0 11.00 59.00 70.00 OK
r-oldrel-macos-x86_64 1.0.0 NOTE
r-oldrel-windows-ix86+x86_64 1.0.0 7.00 57.00 64.00 OK

Check Details

Version: 1.0.0
Check: dependencies in R code
Result: NOTE
    Namespace in Imports field not imported from: ‘metafor’
     All declared Imports should be used.
Flavors: r-devel-linux-x86_64-fedora-clang, r-devel-linux-x86_64-fedora-gcc, r-devel-windows-x86_64-new-TK, r-patched-solaris-x86, r-release-macos-arm64, r-release-macos-x86_64, r-oldrel-macos-x86_64