CRAN Package Check Results for Package SmartEDA

Last updated on 2022-01-16 19:49:40 CET.

Flavor Version Tinstall Tcheck Ttotal Status Flags
r-devel-linux-x86_64-debian-clang 0.3.8 10.11 173.69 183.80 OK
r-devel-linux-x86_64-debian-gcc 0.3.8 6.95 133.30 140.25 OK
r-devel-linux-x86_64-fedora-clang 0.3.8 205.30 NOTE
r-devel-linux-x86_64-fedora-gcc 0.3.8 191.47 NOTE
r-devel-windows-x86_64-new-UL 0.3.8 74.00 194.00 268.00 OK
r-devel-windows-x86_64-new-TK 0.3.8 NOTE
r-patched-linux-x86_64 0.3.8 7.42 153.88 161.30 OK
r-release-linux-x86_64 0.3.8 OK
r-release-macos-arm64 0.3.8 NOTE
r-release-macos-x86_64 0.3.8 NOTE
r-release-windows-ix86+x86_64 0.3.8 21.00 193.00 214.00 OK
r-oldrel-macos-x86_64 0.3.8 NOTE
r-oldrel-windows-ix86+x86_64 0.3.8 27.00 185.00 212.00 OK

Check Details

Version: 0.3.8
Check: dependencies in R code
Result: NOTE
    Namespace in Imports field not imported from: ‘qpdf’
     All declared Imports should be used.
Flavors: r-devel-linux-x86_64-fedora-clang, r-devel-linux-x86_64-fedora-gcc, r-devel-windows-x86_64-new-TK, r-release-macos-arm64, r-release-macos-x86_64, r-oldrel-macos-x86_64

Version: 0.3.8
Check: Rd cross-references
Result: NOTE
    Undeclared packages ‘InformationValue’, ‘ggthemes’ in Rd xrefs
Flavor: r-devel-linux-x86_64-fedora-clang