CRAN Package Check Results for Package SmartMeterAnalytics

Last updated on 2021-12-03 19:50:27 CET.

Flavor Version Tinstall Tcheck Ttotal Status Flags
r-devel-linux-x86_64-debian-clang 1.0.3 6.27 40.52 46.79 NOTE
r-devel-linux-x86_64-debian-gcc 1.0.3 3.51 30.76 34.27 NOTE
r-devel-linux-x86_64-fedora-clang 1.0.3 68.71 NOTE
r-devel-linux-x86_64-fedora-gcc 1.0.3 54.04 NOTE
r-devel-windows-x86_64-new-UL 1.0.3 12.00 78.00 90.00 NOTE
r-devel-windows-x86_64-new-TK 1.0.3 NOTE
r-devel-windows-x86_64-old 1.0.3 10.00 43.00 53.00 NOTE
r-patched-linux-x86_64 1.0.3 8.79 38.96 47.75 NOTE
r-release-linux-x86_64 1.0.3 5.91 38.55 44.46 NOTE
r-release-macos-arm64 1.0.3 NOTE
r-release-macos-x86_64 1.0.3 NOTE
r-release-windows-ix86+x86_64 1.0.3 11.00 58.00 69.00 NOTE
r-oldrel-macos-x86_64 1.0.3 OK
r-oldrel-windows-ix86+x86_64 1.0.3 13.00 62.00 75.00 OK

Check Details

Version: 1.0.3
Check: LazyData
Result: NOTE
     'LazyData' is specified without a 'data' directory
Flavors: r-devel-linux-x86_64-debian-clang, r-devel-linux-x86_64-debian-gcc, r-devel-linux-x86_64-fedora-clang, r-devel-linux-x86_64-fedora-gcc, r-devel-windows-x86_64-new-UL, r-devel-windows-x86_64-new-TK, r-devel-windows-x86_64-old, r-patched-linux-x86_64, r-release-linux-x86_64, r-release-macos-arm64, r-release-macos-x86_64, r-release-windows-ix86+x86_64