CRAN Package Check Results for Package SmarterPoland

Last updated on 2021-12-05 19:49:40 CET.

Flavor Version Tinstall Tcheck Ttotal Status Flags
r-devel-linux-x86_64-debian-clang 1.8 63.53 72.26 135.79 OK
r-devel-linux-x86_64-debian-gcc 1.8 51.58 56.85 108.43 OK
r-devel-linux-x86_64-fedora-clang 1.8 176.80 NOTE
r-devel-linux-x86_64-fedora-gcc 1.8 164.37 NOTE
r-devel-windows-x86_64-new-UL 1.8 87.00 102.00 189.00 OK
r-devel-windows-x86_64-new-TK 1.8 NOTE
r-devel-windows-x86_64-old 1.8 87.00 70.00 157.00 OK
r-patched-linux-x86_64 1.8 60.53 59.81 120.34 OK
r-release-linux-x86_64 1.8 59.78 68.17 127.95 OK
r-release-macos-arm64 1.8 NOTE
r-release-macos-x86_64 1.8 NOTE
r-release-windows-ix86+x86_64 1.8 92.00 84.00 176.00 OK
r-oldrel-macos-x86_64 1.8 NOTE
r-oldrel-windows-ix86+x86_64 1.8 91.00 90.00 181.00 OK

Check Details

Version: 1.8
Check: data for non-ASCII characters
Result: NOTE
     Note: found 1122 marked UTF-8 strings
Flavors: r-devel-linux-x86_64-fedora-clang, r-devel-linux-x86_64-fedora-gcc, r-devel-windows-x86_64-new-TK, r-release-macos-arm64, r-release-macos-x86_64, r-oldrel-macos-x86_64

Version: 1.8
Check: installed package size
Result: NOTE
     installed size is 5.2Mb
     sub-directories of 1Mb or more:
     data 5.0Mb
Flavor: r-release-macos-arm64