CRAN Package Check Results for Package SoftBart

Last updated on 2024-02-22 19:55:45 CET.

Flavor Version Tinstall Tcheck Ttotal Status Flags
r-devel-linux-x86_64-debian-clang 1.0.1 OK
r-devel-linux-x86_64-debian-gcc 1.0.1 47.66 109.36 157.02 OK
r-devel-linux-x86_64-fedora-clang 1.0.1 265.25 OK
r-devel-linux-x86_64-fedora-gcc 1.0.1 276.04 OK
r-devel-windows-x86_64 1.0.1 47.00 149.00 196.00 OK
r-patched-linux-x86_64 1.0.1 49.09 142.79 191.88 OK
r-release-linux-x86_64 1.0.1 44.81 141.52 186.33 OK
r-release-macos-arm64 1.0.1 86.00 NOTE
r-release-macos-x86_64 1.0.1 132.00 NOTE
r-release-windows-x86_64 1.0.1 62.00 183.00 245.00 OK
r-oldrel-macos-arm64 1.0.1 71.00 NOTE
r-oldrel-windows-x86_64 1.0.1 60.00 182.00 242.00 OK

Check Details

Version: 1.0.1
Check: installed package size
Result: NOTE installed size is 5.6Mb sub-directories of 1Mb or more: libs 4.7Mb Flavors: r-release-macos-arm64, r-release-macos-x86_64, r-oldrel-macos-arm64