CRAN Package Check Results for Package SplitGLM

Last updated on 2024-02-27 19:54:53 CET.

Flavor Version Tinstall Tcheck Ttotal Status Flags
r-devel-linux-x86_64-debian-clang 1.0.5 119.16 34.14 153.30 OK
r-devel-linux-x86_64-debian-gcc 1.0.5 92.43 26.15 118.58 OK
r-devel-linux-x86_64-fedora-clang 1.0.5 236.70 OK
r-devel-linux-x86_64-fedora-gcc 1.0.5 236.49 OK
r-devel-windows-x86_64 1.0.5 95.00 71.00 166.00 NOTE
r-patched-linux-x86_64 1.0.5 120.18 33.30 153.48 OK
r-release-linux-x86_64 1.0.5 113.56 33.65 147.21 OK
r-release-macos-arm64 1.0.5 58.00 NOTE
r-release-macos-x86_64 1.0.5 100.00 NOTE
r-release-windows-x86_64 1.0.5 119.00 76.00 195.00 NOTE
r-oldrel-macos-arm64 1.0.5 53.00 NOTE
r-oldrel-windows-x86_64 1.0.5 108.00 74.00 182.00 OK

Check Details

Version: 1.0.5
Check: C++ specification
Result: NOTE Specified C++11: please drop specification unless essential Flavors: r-devel-windows-x86_64, r-release-windows-x86_64

Version: 1.0.5
Check: installed package size
Result: NOTE installed size is 5.4Mb sub-directories of 1Mb or more: libs 5.3Mb Flavors: r-release-macos-arm64, r-release-macos-x86_64, r-oldrel-macos-arm64