CRAN Package Check Results for Package Sshaped

Last updated on 2024-03-02 19:50:31 CET.

Flavor Version Tinstall Tcheck Ttotal Status Flags
r-devel-linux-x86_64-debian-clang 1.1 40.05 28.82 68.87 NOTE
r-devel-linux-x86_64-debian-gcc 1.1 26.32 22.11 48.43 NOTE
r-devel-linux-x86_64-fedora-clang 1.1 90.04 NOTE
r-devel-linux-x86_64-fedora-gcc 1.1 88.09 NOTE
r-devel-windows-x86_64 1.1 27.00 74.00 101.00 NOTE
r-patched-linux-x86_64 1.1 36.55 28.29 64.84 NOTE
r-release-linux-x86_64 1.1 29.48 27.75 57.23 NOTE
r-release-macos-arm64 1.1 29.00 NOTE
r-release-macos-x86_64 1.1 43.00 NOTE
r-release-windows-x86_64 1.1 26.00 73.00 99.00 NOTE
r-oldrel-macos-arm64 1.1 32.00 OK
r-oldrel-windows-x86_64 1.1 34.00 68.00 102.00 OK

Check Details

Version: 1.1
Check: C++ specification
Result: NOTE Specified C++11: please drop specification unless essential Flavors: r-devel-linux-x86_64-debian-clang, r-devel-linux-x86_64-debian-gcc, r-devel-linux-x86_64-fedora-clang, r-devel-linux-x86_64-fedora-gcc, r-devel-windows-x86_64, r-patched-linux-x86_64, r-release-linux-x86_64, r-release-macos-arm64, r-release-macos-x86_64, r-release-windows-x86_64